{"id":986,"date":"2021-09-13T19:17:45","date_gmt":"2021-09-13T17:17:45","guid":{"rendered":"https:\/\/newmoteuretsens.e-madgin.com\/?post_type=product&#038;p=986"},"modified":"2021-12-20T16:16:24","modified_gmt":"2021-12-20T15:16:24","slug":"aston-martin-v12-vantage-s-573ch-sportshift-iii-2","status":"publish","type":"product","link":"https:\/\/newmoteuretsens.e-madgin.com\/index.php\/produit\/aston-martin-v12-vantage-s-573ch-sportshift-iii-2\/","title":{"rendered":"ASTON MARTIN &#8211; V12 Vantage S 573ch Sportshift III"},"content":{"rendered":"<p>L&rsquo;Aston Martin V12 Vantage S se diff\u00e9rencie de la V12 Vantage dont elle d\u00e9rive par quelques retouches sur sa ligne intemporelle. Face avant, toit, malle arri\u00e8re, interface qui la rendent un peu plus rac\u00e9e. Il est d&rsquo;ailleurs incroyable de constater combien son dessin vieillit bien. C&rsquo;est d&rsquo;ailleurs \u00e0 leur facilit\u00e9 \u00e0 traverser les ann\u00e9es qu&rsquo;on reconnait les \u0153uvres d&rsquo;art. Le moteur log\u00e9 sous le long capot ajour\u00e9 en carbone n&rsquo;a rien a envier \u00e0 la carrosserie tant lui aussi m\u00e9rite des \u00e9loges. Rond, plein comme un \u0153uf, envoutant, aboyant ou chantant comme une sir\u00e8ne, il propose 573 chevaux issu de son V12 atmosph\u00e9\u00e9rique ! Du grand art, aujourd&rsquo;hui r\u00e9volu. La boite robotis\u00e9e \u00e0 7 rapports est fabriqu\u00e9e par Graziano, que l&rsquo;on retrouve sur les F430 Scuderia et autre Maserati MC Stradale. Le passage des rapports n&rsquo;est que de 70 millisecondes et c&rsquo;est un r\u00e9gal ! Ce qui compte finalement ce sont les sensations lorsque l&rsquo;on est a bord de tels engins, et la V12 S en fournit \u00e0 la pelle, m\u00eame \u00e0 faible allure. Dans un cocon de cuir encore fait main chez Aston Martin. Notre exemplaire est pr\u00e9sent\u00e9 dans cette extraordinaire peinture Sp\u00e9ciale AML : Diavolo Red. Il s&rsquo;agit d&rsquo;une seconde main, fran\u00e7aise d&rsquo;origine, \u00e0 jour d&rsquo;entretiens et garantie Aston martin jusqu&rsquo;\u00e0 Janvier 2022.<\/p>\n","protected":false},"excerpt":{"rendered":"<p>L&rsquo;Aston Martin V12 Vantage S se diff\u00e9rencie de la V12 Vantage dont elle d\u00e9rive par quelques retouches sur sa ligne intemporelle. Face avant, toit, malle arri\u00e8re, interface qui la rendent un peu plus rac\u00e9e. Il est d&rsquo;ailleurs incroyable de constater combien son dessin vieillit bien. C&rsquo;est d&rsquo;ailleurs \u00e0 leur facilit\u00e9 \u00e0 traverser les ann\u00e9es qu&rsquo;on [&hellip;]<\/p>\n","protected":false},"featured_media":987,"comment_status":"open","ping_status":"closed","template":"","meta":[],"product_cat":[25],"product_tag":[],"class_list":["post-986","product","type-product","status-publish","has-post-thumbnail","hentry","product_cat-aston-martin","entry","has-media"],"_links":{"self":[{"href":"https:\/\/newmoteuretsens.e-madgin.com\/index.php\/wp-json\/wp\/v2\/product\/986","targetHints":{"allow":["GET"]}}],"collection":[{"href":"https:\/\/newmoteuretsens.e-madgin.com\/index.php\/wp-json\/wp\/v2\/product"}],"about":[{"href":"https:\/\/newmoteuretsens.e-madgin.com\/index.php\/wp-json\/wp\/v2\/types\/product"}],"replies":[{"embeddable":true,"href":"https:\/\/newmoteuretsens.e-madgin.com\/index.php\/wp-json\/wp\/v2\/comments?post=986"}],"wp:featuredmedia":[{"embeddable":true,"href":"https:\/\/newmoteuretsens.e-madgin.com\/index.php\/wp-json\/wp\/v2\/media\/987"}],"wp:attachment":[{"href":"https:\/\/newmoteuretsens.e-madgin.com\/index.php\/wp-json\/wp\/v2\/media?parent=986"}],"wp:term":[{"taxonomy":"product_cat","embeddable":true,"href":"https:\/\/newmoteuretsens.e-madgin.com\/index.php\/wp-json\/wp\/v2\/product_cat?post=986"},{"taxonomy":"product_tag","embeddable":true,"href":"https:\/\/newmoteuretsens.e-madgin.com\/index.php\/wp-json\/wp\/v2\/product_tag?post=986"}],"curies":[{"name":"wp","href":"https:\/\/api.w.org\/{rel}","templated":true}]}}