{"id":8751,"date":"2021-10-28T11:48:53","date_gmt":"2021-10-28T09:48:53","guid":{"rendered":"https:\/\/newmoteuretsens.e-madgin.com\/?post_type=product&#038;p=8751"},"modified":"2021-10-28T11:48:53","modified_gmt":"2021-10-28T09:48:53","slug":"aston-martin-dbs-volante-517ch-touchtronic","status":"publish","type":"product","link":"https:\/\/newmoteuretsens.e-madgin.com\/index.php\/produit\/aston-martin-dbs-volante-517ch-touchtronic\/","title":{"rendered":"ASTON MARTIN &#8211; DBS VOLANTE 517CH TOUCHTRONIC"},"content":{"rendered":"<p>Figure classique dans l&rsquo;histoire d&rsquo;Aston Martin, la DBS de cette g\u00e9n\u00e9ration fait partie de ces mod\u00e8les absolument intemporel, dot\u00e9e d&rsquo;une \u00e9l\u00e9gance et d&rsquo;un charme incroyable. Sous le capot s&rsquo;y loge un V12 atmosph\u00e9rique made in Gaydon d\u00e9livrant des envol\u00e9es lyriques extraordinaires et une allonge sans fin dont on profite plus que jamais dans cette version volante. A l&rsquo;int\u00e9rieur, le chic anglais est omnipr\u00e9sent, l&rsquo;habitacle gans\u00e9 de cuir offre cette atmosph\u00e8re si propre aux autos de la firme anglaise. Notre exemplaire pr\u00e9sente une configuration \u00e0 couper le souffle, m\u00e9langeant avec une harmonie fabuleuse la couleur ext\u00e9rieure Marron black et l&rsquo;int\u00e9rieur en cuir brun. L&rsquo;auto est dans un \u00e9tat parfait, peinture d&rsquo;origine et avec un suivi sans faille chez Aston martin depuis sa mise en circulation (derni\u00e8re r\u00e9vision en 08\/2021 \u00e0 24000km)<\/p>\n","protected":false},"excerpt":{"rendered":"<ul>\n<li>Bang &amp; Olufsen<\/li>\n<li>Pack Carbone ext\u00e9rieur<\/li>\n<li>R\u00e9gulateur de vitesse<\/li>\n<li>Radars de stationnement avant et arri\u00e8re<\/li>\n<li>Carnet d&rsquo;entretien<\/li>\n<li>Si\u00e8ges \u00e9lectriques m\u00e9moires<\/li>\n<li>Int\u00e9rieur tout cuir<\/li>\n<li>Surpiq\u00fbres gris clair<\/li>\n<li>Si\u00e8ges chauffants<\/li>\n<li>Syst\u00e8me de navigation<\/li>\n<li>Finition Piano Black<\/li>\n<li>Parapluie<\/li>\n<\/ul>\n","protected":false},"featured_media":8752,"comment_status":"open","ping_status":"closed","template":"","meta":[],"product_cat":[25],"product_tag":[],"class_list":["post-8751","product","type-product","status-publish","has-post-thumbnail","hentry","product_cat-aston-martin","entry","has-media"],"_links":{"self":[{"href":"https:\/\/newmoteuretsens.e-madgin.com\/index.php\/wp-json\/wp\/v2\/product\/8751","targetHints":{"allow":["GET"]}}],"collection":[{"href":"https:\/\/newmoteuretsens.e-madgin.com\/index.php\/wp-json\/wp\/v2\/product"}],"about":[{"href":"https:\/\/newmoteuretsens.e-madgin.com\/index.php\/wp-json\/wp\/v2\/types\/product"}],"replies":[{"embeddable":true,"href":"https:\/\/newmoteuretsens.e-madgin.com\/index.php\/wp-json\/wp\/v2\/comments?post=8751"}],"wp:featuredmedia":[{"embeddable":true,"href":"https:\/\/newmoteuretsens.e-madgin.com\/index.php\/wp-json\/wp\/v2\/media\/8752"}],"wp:attachment":[{"href":"https:\/\/newmoteuretsens.e-madgin.com\/index.php\/wp-json\/wp\/v2\/media?parent=8751"}],"wp:term":[{"taxonomy":"product_cat","embeddable":true,"href":"https:\/\/newmoteuretsens.e-madgin.com\/index.php\/wp-json\/wp\/v2\/product_cat?post=8751"},{"taxonomy":"product_tag","embeddable":true,"href":"https:\/\/newmoteuretsens.e-madgin.com\/index.php\/wp-json\/wp\/v2\/product_tag?post=8751"}],"curies":[{"name":"wp","href":"https:\/\/api.w.org\/{rel}","templated":true}]}}