{"id":8568,"date":"2021-10-24T22:35:31","date_gmt":"2021-10-24T20:35:31","guid":{"rendered":"https:\/\/newmoteuretsens.e-madgin.com\/?post_type=product&#038;p=8568"},"modified":"2021-10-24T22:35:32","modified_gmt":"2021-10-24T20:35:32","slug":"lotus-exige-410-sport-20th-anniversary","status":"publish","type":"product","link":"https:\/\/newmoteuretsens.e-madgin.com\/index.php\/produit\/lotus-exige-410-sport-20th-anniversary\/","title":{"rendered":"LOTUS &#8211; Exige 410 Sport 20th anniversary"},"content":{"rendered":"<p>\u00c0 l\u2019occasion des 20 ans de la Lotus Exige, la firme anglaise \u00e0 d\u00e9voil\u00e9e une \u00e9dition exclusive \u201c20th Anniversary\u201d sur base de son Exige Sport 410. Pour marquer le coup, la sportive se distingue par des accessoires sp\u00e9cifiques et un \u00e9quipement bien fourni. Elle se pare de teintes vives d&rsquo;inspiration r\u00e9tro (Ici en Jaune Safran) et se dote \u00e9galement de stickers distinctif reprenant la silhouette de la toute premi\u00e8re Exige. Toujours con\u00e7ue et fabriqu\u00e9e \u00e0 la main \u00e0 Hethel, Norfolk (Angleterre), l&rsquo;\u00e9quipement de cette s\u00e9rie sp\u00e9ciale est pl\u00e9thorique, ce qui est appr\u00e9ciable pour profiter au maximum des performances du v\u00e9hicule. Pour autant, cette lotus ne s&#8217;embourgeoise pas, seulement 1,1 tonne sur la balance, elle conserve cet aspect radical et sportif (roues en alliage forg\u00e9 ultra-l\u00e9g\u00e8res, d&rsquo;un volant en Alcantara, des seuils de portes en fibre de carbone, une batterie lithium-ion et un \u00e9chappement en titane, amortisseurs r\u00e9glables Nitron). Notre exemplaire est une premi\u00e8re main fran\u00e7aise (D\u00e9j\u00e0 immatricul\u00e9e et malus pay\u00e9) dans un \u00e9tat neuf.<\/p>\n","protected":false},"excerpt":{"rendered":"<p>\u00c0 l\u2019occasion des 20 ans de la Lotus Exige, la firme anglaise \u00e0 d\u00e9voil\u00e9e une \u00e9dition exclusive \u201c20th Anniversary\u201d sur base de son Exige Sport 410. Pour marquer le coup, la sportive se distingue par des accessoires sp\u00e9cifiques et un \u00e9quipement bien fourni. Elle se pare de teintes vives d&rsquo;inspiration r\u00e9tro (Ici en Jaune Safran) [&hellip;]<\/p>\n","protected":false},"featured_media":8480,"comment_status":"open","ping_status":"closed","template":"","meta":[],"product_cat":[28],"product_tag":[],"class_list":["post-8568","product","type-product","status-publish","has-post-thumbnail","hentry","product_cat-lotus","entry","has-media"],"_links":{"self":[{"href":"https:\/\/newmoteuretsens.e-madgin.com\/index.php\/wp-json\/wp\/v2\/product\/8568","targetHints":{"allow":["GET"]}}],"collection":[{"href":"https:\/\/newmoteuretsens.e-madgin.com\/index.php\/wp-json\/wp\/v2\/product"}],"about":[{"href":"https:\/\/newmoteuretsens.e-madgin.com\/index.php\/wp-json\/wp\/v2\/types\/product"}],"replies":[{"embeddable":true,"href":"https:\/\/newmoteuretsens.e-madgin.com\/index.php\/wp-json\/wp\/v2\/comments?post=8568"}],"wp:featuredmedia":[{"embeddable":true,"href":"https:\/\/newmoteuretsens.e-madgin.com\/index.php\/wp-json\/wp\/v2\/media\/8480"}],"wp:attachment":[{"href":"https:\/\/newmoteuretsens.e-madgin.com\/index.php\/wp-json\/wp\/v2\/media?parent=8568"}],"wp:term":[{"taxonomy":"product_cat","embeddable":true,"href":"https:\/\/newmoteuretsens.e-madgin.com\/index.php\/wp-json\/wp\/v2\/product_cat?post=8568"},{"taxonomy":"product_tag","embeddable":true,"href":"https:\/\/newmoteuretsens.e-madgin.com\/index.php\/wp-json\/wp\/v2\/product_tag?post=8568"}],"curies":[{"name":"wp","href":"https:\/\/api.w.org\/{rel}","templated":true}]}}