{"id":8567,"date":"2021-10-24T22:32:22","date_gmt":"2021-10-24T20:32:22","guid":{"rendered":"https:\/\/newmoteuretsens.e-madgin.com\/?post_type=product&#038;p=8567"},"modified":"2021-10-24T22:32:22","modified_gmt":"2021-10-24T20:32:22","slug":"ferrari-488-spider-2","status":"publish","type":"product","link":"https:\/\/newmoteuretsens.e-madgin.com\/index.php\/produit\/ferrari-488-spider-2\/","title":{"rendered":"FERRARI &#8211; 488 Spider"},"content":{"rendered":"<p>La 488 GTB sous des airs assez proches de la 458, \u00e9volue en profondeur. D&rsquo;abord son bloc moteur qui, r\u00e9volution, passe a la suralimentation et d\u00e9veloppe 670 chevaux ! Il gagne aussi en couple (760 Nm soit 41 % de plus par rapport \u00e0 l\u2019ancien 4.5L atmosph\u00e9rique !) et propose un agr\u00e9ment rare sur de telles motorisations. La mont\u00e9e en r\u00e9gime est fluide et la r\u00e9ponse \u00e0 la p\u00e9dale sans aucun lag. La sonorit\u00e9 est plus rauque que l&rsquo;ancien atmo mais la disponibilit\u00e9 de la puissance bien plus imm\u00e9diate et les performances d&rsquo;un autre monde. La boite elle aussi \u00e9volue et devient quasi parfaite, proposant moins d&rsquo;\u00e0 coup et plus de rapidit\u00e9 ! Le confort fait \u00e9galement un bon en avant tout comme la polyvalence, et les commandes int\u00e9rieures sont plus intuitives. Dans cette version spider, on profite cheveux aux vents des sensations. De plus, le toit r\u00e9tractable n&rsquo;alt\u00e8re en rien le sublime coup de crayon de la version coup\u00e9, pourquoi s&rsquo;en priv\u00e9 ?<\/p>\n","protected":false},"excerpt":{"rendered":"<p>La 488 GTB sous des airs assez proches de la 458, \u00e9volue en profondeur. D&rsquo;abord son bloc moteur qui, r\u00e9volution, passe a la suralimentation et d\u00e9veloppe 670 chevaux ! Il gagne aussi en couple (760 Nm soit 41 % de plus par rapport \u00e0 l\u2019ancien 4.5L atmosph\u00e9rique !) et propose un agr\u00e9ment rare sur de [&hellip;]<\/p>\n","protected":false},"featured_media":8499,"comment_status":"open","ping_status":"closed","template":"","meta":[],"product_cat":[23],"product_tag":[],"class_list":["post-8567","product","type-product","status-publish","has-post-thumbnail","hentry","product_cat-ferrari","entry","has-media"],"_links":{"self":[{"href":"https:\/\/newmoteuretsens.e-madgin.com\/index.php\/wp-json\/wp\/v2\/product\/8567","targetHints":{"allow":["GET"]}}],"collection":[{"href":"https:\/\/newmoteuretsens.e-madgin.com\/index.php\/wp-json\/wp\/v2\/product"}],"about":[{"href":"https:\/\/newmoteuretsens.e-madgin.com\/index.php\/wp-json\/wp\/v2\/types\/product"}],"replies":[{"embeddable":true,"href":"https:\/\/newmoteuretsens.e-madgin.com\/index.php\/wp-json\/wp\/v2\/comments?post=8567"}],"wp:featuredmedia":[{"embeddable":true,"href":"https:\/\/newmoteuretsens.e-madgin.com\/index.php\/wp-json\/wp\/v2\/media\/8499"}],"wp:attachment":[{"href":"https:\/\/newmoteuretsens.e-madgin.com\/index.php\/wp-json\/wp\/v2\/media?parent=8567"}],"wp:term":[{"taxonomy":"product_cat","embeddable":true,"href":"https:\/\/newmoteuretsens.e-madgin.com\/index.php\/wp-json\/wp\/v2\/product_cat?post=8567"},{"taxonomy":"product_tag","embeddable":true,"href":"https:\/\/newmoteuretsens.e-madgin.com\/index.php\/wp-json\/wp\/v2\/product_tag?post=8567"}],"curies":[{"name":"wp","href":"https:\/\/api.w.org\/{rel}","templated":true}]}}