{"id":8566,"date":"2021-10-24T22:28:58","date_gmt":"2021-10-24T20:28:58","guid":{"rendered":"https:\/\/newmoteuretsens.e-madgin.com\/?post_type=product&#038;p=8566"},"modified":"2021-10-24T22:28:59","modified_gmt":"2021-10-24T20:28:59","slug":"lotus-exige-cup-430","status":"publish","type":"product","link":"https:\/\/newmoteuretsens.e-madgin.com\/index.php\/produit\/lotus-exige-cup-430\/","title":{"rendered":"LOTUS &#8211; Exige Cup 430"},"content":{"rendered":"<p>Tr\u00e8s \u00e9loign\u00e9e du flegme britannique, l&rsquo;exige cup 430 est la d\u00e9finition m\u00eame de la bestialit\u00e9 et de la violence, pour le plus grand plaisir des extr\u00e9mistes du pilotage. Avec une direction ultra communicative, une motricit\u00e9 sans failles et une stabilit\u00e9 diabolique, cette g\u00e9n\u00e9ration est plus efficace et radicale que jamais. Une fois le sublime seuil de porte en carbone enjamb\u00e9, on retrouve \u00e0 l&rsquo;int\u00e9rieur un cocon d\u2019Alcantara et de cuir qui nous projette dans un environnement qui transpire la sportivit\u00e9. La sublime tringlerie de bo\u00eete apparente tr\u00f4ne au milieu de l&rsquo;habitacle comme pi\u00e8ce maitresse liant l&rsquo;homme \u00e0 machine. Le V6 3.5 compress\u00e9 d\u2019origine Toyota, plac\u00e9 en position centrale arri\u00e8re d\u00e9veloppe 436 ch et 440 Nm de couple, ce dernier laisse \u00e9chapper, via une ligne d\u2019\u00e9chappement en titane, une sonorit\u00e9 diabolique. Notre exemplaire est une premi\u00e8re main fran\u00e7aise qui a fait l&rsquo;objet de plusieurs travaux d&rsquo;optimisation (Splitter carbone, Barre et harnais, bande thermique, optimisation de la boite de vitesse, Carter cloisonn\u00e9 etc ..). La voiture a \u00e9t\u00e9 fraichement entretenue en 04\/2021 \u00e0 6700km et est en parfait \u00e9tat g\u00e9n\u00e9ral.<\/p>\n","protected":false},"excerpt":{"rendered":"<p>Tr\u00e8s \u00e9loign\u00e9e du flegme britannique, l&rsquo;exige cup 430 est la d\u00e9finition m\u00eame de la bestialit\u00e9 et de la violence, pour le plus grand plaisir des extr\u00e9mistes du pilotage. Avec une direction ultra communicative, une motricit\u00e9 sans failles et une stabilit\u00e9 diabolique, cette g\u00e9n\u00e9ration est plus efficace et radicale que jamais. Une fois le sublime seuil [&hellip;]<\/p>\n","protected":false},"featured_media":8516,"comment_status":"open","ping_status":"closed","template":"","meta":[],"product_cat":[28],"product_tag":[],"class_list":["post-8566","product","type-product","status-publish","has-post-thumbnail","hentry","product_cat-lotus","entry","has-media"],"_links":{"self":[{"href":"https:\/\/newmoteuretsens.e-madgin.com\/index.php\/wp-json\/wp\/v2\/product\/8566","targetHints":{"allow":["GET"]}}],"collection":[{"href":"https:\/\/newmoteuretsens.e-madgin.com\/index.php\/wp-json\/wp\/v2\/product"}],"about":[{"href":"https:\/\/newmoteuretsens.e-madgin.com\/index.php\/wp-json\/wp\/v2\/types\/product"}],"replies":[{"embeddable":true,"href":"https:\/\/newmoteuretsens.e-madgin.com\/index.php\/wp-json\/wp\/v2\/comments?post=8566"}],"wp:featuredmedia":[{"embeddable":true,"href":"https:\/\/newmoteuretsens.e-madgin.com\/index.php\/wp-json\/wp\/v2\/media\/8516"}],"wp:attachment":[{"href":"https:\/\/newmoteuretsens.e-madgin.com\/index.php\/wp-json\/wp\/v2\/media?parent=8566"}],"wp:term":[{"taxonomy":"product_cat","embeddable":true,"href":"https:\/\/newmoteuretsens.e-madgin.com\/index.php\/wp-json\/wp\/v2\/product_cat?post=8566"},{"taxonomy":"product_tag","embeddable":true,"href":"https:\/\/newmoteuretsens.e-madgin.com\/index.php\/wp-json\/wp\/v2\/product_tag?post=8566"}],"curies":[{"name":"wp","href":"https:\/\/api.w.org\/{rel}","templated":true}]}}