{"id":8262,"date":"2021-10-21T17:15:18","date_gmt":"2021-10-21T15:15:18","guid":{"rendered":"https:\/\/newmoteuretsens.e-madgin.com\/?post_type=product&#038;p=8262"},"modified":"2021-10-21T18:10:50","modified_gmt":"2021-10-21T16:10:50","slug":"mercedes-amg-gt-r","status":"publish","type":"product","link":"https:\/\/newmoteuretsens.e-madgin.com\/index.php\/produit\/mercedes-amg-gt-r\/","title":{"rendered":"MERCEDES &#8211; AMG GT R"},"content":{"rendered":"<p>L&rsquo;AMG GT R est l&rsquo;actuel sommet de la galaxie Mercedes. C&rsquo;est la version radicale de l&rsquo;AMG GT. Radicale oui, mais aussi plus bestiale, plus pr\u00e9cise, plus puissante, plus violente, plus bruyante ! C&rsquo;est une voiture extraordinairement attachante, sa ligne d&rsquo;abord ne courre pas les rues et interpelle, et son moteur est tout simplement dantesque ! Les performances suivent la tendance et gr\u00e2ce aux roues directrices, son a\u00e9ro active et \u00e0 ses liaisons aux sol sp\u00e9cifiques, son comportement dynamique est exemplaire. Enfin une Mercedes qui n&rsquo;a rien a envier au gratin des supersportives ! Notre exemplaire est une premi\u00e8re main Fran\u00e7aise, dans un \u00e9tat neuf. Elle dispose de tr\u00e8s belles options et sa teinte fantastique est de plus enti\u00e8rement prot\u00e9g\u00e9e par un film transparent.<\/p>\n","protected":false},"excerpt":{"rendered":"<p>L&rsquo;AMG GT R est l&rsquo;actuel sommet de la galaxie Mercedes. C&rsquo;est la version radicale de l&rsquo;AMG GT. Radicale oui, mais aussi plus bestiale, plus pr\u00e9cise, plus puissante, plus violente, plus bruyante ! C&rsquo;est une voiture extraordinairement attachante, sa ligne d&rsquo;abord ne courre pas les rues et interpelle, et son moteur est tout simplement dantesque ! [&hellip;]<\/p>\n","protected":false},"featured_media":8268,"comment_status":"open","ping_status":"closed","template":"","meta":[],"product_cat":[19],"product_tag":[],"class_list":["post-8262","product","type-product","status-publish","has-post-thumbnail","hentry","product_cat-mercedes","entry","has-media"],"_links":{"self":[{"href":"https:\/\/newmoteuretsens.e-madgin.com\/index.php\/wp-json\/wp\/v2\/product\/8262","targetHints":{"allow":["GET"]}}],"collection":[{"href":"https:\/\/newmoteuretsens.e-madgin.com\/index.php\/wp-json\/wp\/v2\/product"}],"about":[{"href":"https:\/\/newmoteuretsens.e-madgin.com\/index.php\/wp-json\/wp\/v2\/types\/product"}],"replies":[{"embeddable":true,"href":"https:\/\/newmoteuretsens.e-madgin.com\/index.php\/wp-json\/wp\/v2\/comments?post=8262"}],"wp:featuredmedia":[{"embeddable":true,"href":"https:\/\/newmoteuretsens.e-madgin.com\/index.php\/wp-json\/wp\/v2\/media\/8268"}],"wp:attachment":[{"href":"https:\/\/newmoteuretsens.e-madgin.com\/index.php\/wp-json\/wp\/v2\/media?parent=8262"}],"wp:term":[{"taxonomy":"product_cat","embeddable":true,"href":"https:\/\/newmoteuretsens.e-madgin.com\/index.php\/wp-json\/wp\/v2\/product_cat?post=8262"},{"taxonomy":"product_tag","embeddable":true,"href":"https:\/\/newmoteuretsens.e-madgin.com\/index.php\/wp-json\/wp\/v2\/product_tag?post=8262"}],"curies":[{"name":"wp","href":"https:\/\/api.w.org\/{rel}","templated":true}]}}