{"id":7998,"date":"2021-10-21T11:24:33","date_gmt":"2021-10-21T09:24:33","guid":{"rendered":"https:\/\/newmoteuretsens.e-madgin.com\/?post_type=product&#038;p=7998"},"modified":"2021-10-21T11:24:34","modified_gmt":"2021-10-21T09:24:34","slug":"aston-martin-gt12","status":"publish","type":"product","link":"https:\/\/newmoteuretsens.e-madgin.com\/index.php\/produit\/aston-martin-gt12\/","title":{"rendered":"ASTON MARTIN &#8211; GT12"},"content":{"rendered":"<p>Ce chef d&rsquo;\u0153uvre anglais aurait pu\/d\u00fb porter le nom de vantage GT3, cat\u00e9gorie dans laquelle le constructeur rencontre un s\u00e9rieux succ\u00e8s, mais l&rsquo;appellation \u00e9tant d\u00e9j\u00e0 exclusivement r\u00e9serv\u00e9 par une certaine sportive allemande, la version radicale de la Vantage portera finalement le nom de GT12. Tr\u00e8s tr\u00e8s loins du l\u00e9gendaire flegme british, ici la mesure n&rsquo;a pas sa place, \u00e0 l&rsquo;image de cet aileron digne des 24H du mans ou encore des appendices a\u00e9ro (Lame avant, diffuseur etc ..). La motorisation \u00e0 quant \u00e0 elle conserv\u00e9e toute sa noblesse et sa puret\u00e9, en mettant en sc\u00e8ne pour la derni\u00e8re fois de son histoire un V12 atmosph\u00e9rique de 6.0 de cylindr\u00e9e pouss\u00e9e \u00e0 son apog\u00e9e \u00e0 600ch. Le carbone est largement pr\u00e9sent \u00e0 l&rsquo;int\u00e9rieur et ext\u00e9rieur, les \u00e9chappements sont quand \u00e0 eux en titanes, d\u00e9livrant des envol\u00e9es lyriques \u00e9poustouflantes. Seul 100 exemplaires dans le monde ont \u00e9t\u00e9 produits, faisant de ce mod\u00e8le un v\u00e9ritable collector aussi exceptionnel \u00e0 contempler qu&rsquo;\u00e0 piloter. Notre exemplaire est une premi\u00e8re main fran\u00e7aise neuve d\u00e9j\u00e0 immatricul\u00e9e, TVA r\u00e9cup\u00e9rable.<\/p>\n","protected":false},"excerpt":{"rendered":"<p>Ce chef d&rsquo;\u0153uvre anglais aurait pu\/d\u00fb porter le nom de vantage GT3, cat\u00e9gorie dans laquelle le constructeur rencontre un s\u00e9rieux succ\u00e8s, mais l&rsquo;appellation \u00e9tant d\u00e9j\u00e0 exclusivement r\u00e9serv\u00e9 par une certaine sportive allemande, la version radicale de la Vantage portera finalement le nom de GT12. Tr\u00e8s tr\u00e8s loins du l\u00e9gendaire flegme british, ici la mesure n&rsquo;a [&hellip;]<\/p>\n","protected":false},"featured_media":7999,"comment_status":"open","ping_status":"closed","template":"","meta":[],"product_cat":[25],"product_tag":[],"class_list":["post-7998","product","type-product","status-publish","has-post-thumbnail","hentry","product_cat-aston-martin","entry","has-media"],"_links":{"self":[{"href":"https:\/\/newmoteuretsens.e-madgin.com\/index.php\/wp-json\/wp\/v2\/product\/7998","targetHints":{"allow":["GET"]}}],"collection":[{"href":"https:\/\/newmoteuretsens.e-madgin.com\/index.php\/wp-json\/wp\/v2\/product"}],"about":[{"href":"https:\/\/newmoteuretsens.e-madgin.com\/index.php\/wp-json\/wp\/v2\/types\/product"}],"replies":[{"embeddable":true,"href":"https:\/\/newmoteuretsens.e-madgin.com\/index.php\/wp-json\/wp\/v2\/comments?post=7998"}],"wp:featuredmedia":[{"embeddable":true,"href":"https:\/\/newmoteuretsens.e-madgin.com\/index.php\/wp-json\/wp\/v2\/media\/7999"}],"wp:attachment":[{"href":"https:\/\/newmoteuretsens.e-madgin.com\/index.php\/wp-json\/wp\/v2\/media?parent=7998"}],"wp:term":[{"taxonomy":"product_cat","embeddable":true,"href":"https:\/\/newmoteuretsens.e-madgin.com\/index.php\/wp-json\/wp\/v2\/product_cat?post=7998"},{"taxonomy":"product_tag","embeddable":true,"href":"https:\/\/newmoteuretsens.e-madgin.com\/index.php\/wp-json\/wp\/v2\/product_tag?post=7998"}],"curies":[{"name":"wp","href":"https:\/\/api.w.org\/{rel}","templated":true}]}}