{"id":6942,"date":"2021-10-18T18:49:03","date_gmt":"2021-10-18T16:49:03","guid":{"rendered":"https:\/\/newmoteuretsens.e-madgin.com\/?post_type=product&#038;p=6942"},"modified":"2021-10-22T12:45:50","modified_gmt":"2021-10-22T10:45:50","slug":"911-type-991-turbo-s-cabriolet-580ch","status":"publish","type":"product","link":"https:\/\/newmoteuretsens.e-madgin.com\/index.php\/produit\/911-type-991-turbo-s-cabriolet-580ch\/","title":{"rendered":"911 TYPE 991 TURBO S CABRIOLET 580CH"},"content":{"rendered":"<p>La 991 Turbo S Cabriolet, est une v\u00e9ritable pompe \u00e0 feu, un TGV roulant proposant 580CH \u00e0 savourer cheveux au vent ! Cette auto est surement ce que l&rsquo;on fait de plus performant en cabriolet 4 places. En efficacit\u00e9, en relance, en polyvalence, elle est imbattable, aussi, son interface tr\u00e8s moderne vous permets d&rsquo;\u00eatre plus \u00e0 l&rsquo;aise que jamais \u00e0 son bord. Une telle puissance, exploitable pleinement et en toutes conditions, rends l&rsquo;exp\u00e9rience de conduite, et les kilom\u00e8tres a son volant assez jouissifs. La fiabilit\u00e9 est \u00e9galement au rendez-vous, bref, il suffit de tourner la cl\u00e9s et d&rsquo;aller rouler sans arri\u00e8re pens\u00e9es. Le tout dans un cocon ou l&rsquo;on se sent chez soit et ou tout tombe parfaitement sous la main. On le r\u00e9p\u00e8te, la Turbo S est un formidable couteau Suisse, mais en cabriolet elle rajoute une corde \u00e0 son arc, parfois manquante, l&rsquo;\u00e9motion. Ouvert, le souffle des turbines est plus pr\u00e9sent, les sensations plus fortes. Notre exemplaire est fran\u00e7ais d&rsquo;origine, dans un \u00e9tat parfait et \u00e0 jour d&rsquo;entretiens (Derni\u00e8re r\u00e9vision en 04\/2021 \u00e0 67 000km).<\/p>\n","protected":false},"excerpt":{"rendered":"<ul>\n<li>Syst\u00e8me de levage de l&rsquo;essieu avant<\/li>\n<li>Phares matriciels \u00e0 LED avec PDLS+<\/li>\n<li>Cl\u00e9s peintes couleur carrosserie<\/li>\n<li>Burmester High-End Surround sound system<\/li>\n<li>Diffuseur arri\u00e8re peint<\/li>\n<li>Ecusson Porsche sur les appuie-t\u00eate<\/li>\n<li>Entr\u00e9es d&rsquo;airs lat\u00e9rales peintes<\/li>\n<li>Fond du chronom\u00e8tre Sport en Blanc<\/li>\n<li>Fonds de compteur en blanc<\/li>\n<li>Gicleurs de lave-phare peints en couleur ext\u00e9rieure<\/li>\n<li>Jantes 911 Turbo 20 pouces<\/li>\n<li>Jupes lat\u00e9rales peintes<\/li>\n<li>Pack luminosit\u00e9<\/li>\n<li>Pack fumeur<\/li>\n<li>R\u00e9troviseurs ext\u00e9rieurs rabattables \u00e9lectriquement<\/li>\n<li>Servotronic plus<\/li>\n<li>Seuils de portes en carbone<\/li>\n<li>Si\u00e8ges chauffants et ventil\u00e9s<\/li>\n<li>Tapis de sol<\/li>\n<\/ul>\n","protected":false},"featured_media":6943,"comment_status":"open","ping_status":"closed","template":"","meta":[],"product_cat":[21],"product_tag":[],"class_list":["post-6942","product","type-product","status-publish","has-post-thumbnail","hentry","product_cat-porsche","entry","has-media"],"_links":{"self":[{"href":"https:\/\/newmoteuretsens.e-madgin.com\/index.php\/wp-json\/wp\/v2\/product\/6942","targetHints":{"allow":["GET"]}}],"collection":[{"href":"https:\/\/newmoteuretsens.e-madgin.com\/index.php\/wp-json\/wp\/v2\/product"}],"about":[{"href":"https:\/\/newmoteuretsens.e-madgin.com\/index.php\/wp-json\/wp\/v2\/types\/product"}],"replies":[{"embeddable":true,"href":"https:\/\/newmoteuretsens.e-madgin.com\/index.php\/wp-json\/wp\/v2\/comments?post=6942"}],"wp:featuredmedia":[{"embeddable":true,"href":"https:\/\/newmoteuretsens.e-madgin.com\/index.php\/wp-json\/wp\/v2\/media\/6943"}],"wp:attachment":[{"href":"https:\/\/newmoteuretsens.e-madgin.com\/index.php\/wp-json\/wp\/v2\/media?parent=6942"}],"wp:term":[{"taxonomy":"product_cat","embeddable":true,"href":"https:\/\/newmoteuretsens.e-madgin.com\/index.php\/wp-json\/wp\/v2\/product_cat?post=6942"},{"taxonomy":"product_tag","embeddable":true,"href":"https:\/\/newmoteuretsens.e-madgin.com\/index.php\/wp-json\/wp\/v2\/product_tag?post=6942"}],"curies":[{"name":"wp","href":"https:\/\/api.w.org\/{rel}","templated":true}]}}