{"id":6064,"date":"2021-10-14T15:17:25","date_gmt":"2021-10-14T13:17:25","guid":{"rendered":"https:\/\/newmoteuretsens.e-madgin.com\/?post_type=product&#038;p=6064"},"modified":"2021-10-14T15:17:25","modified_gmt":"2021-10-14T13:17:25","slug":"mclaren-720s-coupe-performance","status":"publish","type":"product","link":"https:\/\/newmoteuretsens.e-madgin.com\/index.php\/produit\/mclaren-720s-coupe-performance\/","title":{"rendered":"MCLAREN &#8211; 720S Coup\u00e9 Performance"},"content":{"rendered":"<p>Sortie en 2017, la 720S succ\u00e8de \u00e0 la 650S dans la gamme des Super Series chez Mclaren. Le moteur V8 Bi-turbo s&rsquo;est vu pass\u00e9 de 3.8L \u00e0 4.0L et d\u00e9veloppe d\u00e9sormais une puissance de 720ch. On reconnait toujours le somptueux coup de crayon de M. Frank Stephenson : designer entre autres de la McLaren P1, qui a optimis\u00e9 l&rsquo;a\u00e9rodynamique au maximum sur cette version, notamment par l&rsquo;utilisation de ses phares avant comme entr\u00e9es d&rsquo;air. Le ch\u00e2ssis en carbone a \u00e9galement \u00e9t\u00e9 modifi\u00e9 (Proactive ch\u00e2ssis control II) pour gagner en l\u00e9g\u00e8ret\u00e9 et rigidit\u00e9 ce qui am\u00e9liore les performances et le comportement g\u00e9n\u00e9ral de l&rsquo;auto. Nous vous proposons ce superbe mod\u00e8le performance dans une livr\u00e9e Saros (couleur \u00e9lite) qui est \u00e0 jour de r\u00e9vision chez Mclaren Paris.<\/p>\n","protected":false},"excerpt":{"rendered":"<p>Sortie en 2017, la 720S succ\u00e8de \u00e0 la 650S dans la gamme des Super Series chez Mclaren. Le moteur V8 Bi-turbo s&rsquo;est vu pass\u00e9 de 3.8L \u00e0 4.0L et d\u00e9veloppe d\u00e9sormais une puissance de 720ch. On reconnait toujours le somptueux coup de crayon de M. Frank Stephenson : designer entre autres de la McLaren P1, [&hellip;]<\/p>\n","protected":false},"featured_media":6065,"comment_status":"open","ping_status":"closed","template":"","meta":[],"product_cat":[22],"product_tag":[],"class_list":["post-6064","product","type-product","status-publish","has-post-thumbnail","hentry","product_cat-mclaren","entry","has-media"],"_links":{"self":[{"href":"https:\/\/newmoteuretsens.e-madgin.com\/index.php\/wp-json\/wp\/v2\/product\/6064","targetHints":{"allow":["GET"]}}],"collection":[{"href":"https:\/\/newmoteuretsens.e-madgin.com\/index.php\/wp-json\/wp\/v2\/product"}],"about":[{"href":"https:\/\/newmoteuretsens.e-madgin.com\/index.php\/wp-json\/wp\/v2\/types\/product"}],"replies":[{"embeddable":true,"href":"https:\/\/newmoteuretsens.e-madgin.com\/index.php\/wp-json\/wp\/v2\/comments?post=6064"}],"wp:featuredmedia":[{"embeddable":true,"href":"https:\/\/newmoteuretsens.e-madgin.com\/index.php\/wp-json\/wp\/v2\/media\/6065"}],"wp:attachment":[{"href":"https:\/\/newmoteuretsens.e-madgin.com\/index.php\/wp-json\/wp\/v2\/media?parent=6064"}],"wp:term":[{"taxonomy":"product_cat","embeddable":true,"href":"https:\/\/newmoteuretsens.e-madgin.com\/index.php\/wp-json\/wp\/v2\/product_cat?post=6064"},{"taxonomy":"product_tag","embeddable":true,"href":"https:\/\/newmoteuretsens.e-madgin.com\/index.php\/wp-json\/wp\/v2\/product_tag?post=6064"}],"curies":[{"name":"wp","href":"https:\/\/api.w.org\/{rel}","templated":true}]}}