{"id":5563,"date":"2021-10-13T19:13:11","date_gmt":"2021-10-13T17:13:11","guid":{"rendered":"https:\/\/newmoteuretsens.e-madgin.com\/?post_type=product&#038;p=5563"},"modified":"2021-10-18T11:46:54","modified_gmt":"2021-10-18T09:46:54","slug":"mclaren-600lt-coupe","status":"publish","type":"product","link":"https:\/\/newmoteuretsens.e-madgin.com\/index.php\/produit\/mclaren-600lt-coupe\/","title":{"rendered":"MCLAREN &#8211; 600LT Coup\u00e9"},"content":{"rendered":"<p>La 600LT (600 pour la puissance en chevaux et LT pour Long Tail en rapport \u00e0 son aileron) tr\u00f4ne comme Reine dans la cat\u00e9gorie des sports s\u00e9ries dont font parties la 540C, 570S et 570GT. Ce n&rsquo;est pas juste une 570S avec plus de puissance mais bel et bien une toute autre voiture en termes d&rsquo;\u00e9quilibre, d&rsquo;appui et de performance. Malgr\u00e9 ses attributs de supercar, la long tail offre pour autant la m\u00eame conduite instinctive que ses petites s\u0153urs. Avec son moteur bi-turbo et son a\u00e9ro \u00e9volu\u00e9e, cette auto pourrait sembler \u00eatre une voiture d&rsquo;ing\u00e9nieur, froide et sans saveur mais c&rsquo;est absolument l&rsquo;inverse, son comportement et son temp\u00e9rament sportif procurent un plaisir de conduite omnipr\u00e9sent. Et si cela ne suffisait pas, les deux sorties d&rsquo;\u00e9chappements log\u00e9es derri\u00e8re vos oreilles en rajoutent une couche. Notre exemplaire est absolument sublime dans cette teinte Bleu Cura\u00e7ao, elle est \u00e9quip\u00e9e du d\u00e9sirable Pack MSO Clubsport Pro (30 000\u20ac) incluant les baquets de la Senna. La voiture est une premi\u00e8re main en parfait \u00e9tat et sous garantie McLaren jusqu&rsquo;en 11\/2022.<\/p>\n","protected":false},"excerpt":{"rendered":"<p>Pack Carbone int\u00e9rieur<br \/>\nCam\u00e9ra de recul<br \/>\nRadars de stationnement avant et arri\u00e8re<br \/>\nCarnet d&rsquo;entretien<br \/>\nPeinture sp\u00e9ciale Bleu Cura\u00e7ao<br \/>\nSoft Close Doors<br \/>\nSi\u00e8ges baquets carbone type SENNA<br \/>\nPalettes MSO Carbone<br \/>\nAilettes AV carbone brillant MSO<br \/>\nRoue<br \/>\nJantes noir brillant<br \/>\nMSO Arceau<br \/>\nMSO Harnais 6 points Orange<br \/>\nEtriers de freins orange<\/p>\n","protected":false},"featured_media":5564,"comment_status":"open","ping_status":"closed","template":"","meta":[],"product_cat":[22],"product_tag":[],"class_list":["post-5563","product","type-product","status-publish","has-post-thumbnail","hentry","product_cat-mclaren","entry","has-media"],"_links":{"self":[{"href":"https:\/\/newmoteuretsens.e-madgin.com\/index.php\/wp-json\/wp\/v2\/product\/5563","targetHints":{"allow":["GET"]}}],"collection":[{"href":"https:\/\/newmoteuretsens.e-madgin.com\/index.php\/wp-json\/wp\/v2\/product"}],"about":[{"href":"https:\/\/newmoteuretsens.e-madgin.com\/index.php\/wp-json\/wp\/v2\/types\/product"}],"replies":[{"embeddable":true,"href":"https:\/\/newmoteuretsens.e-madgin.com\/index.php\/wp-json\/wp\/v2\/comments?post=5563"}],"wp:featuredmedia":[{"embeddable":true,"href":"https:\/\/newmoteuretsens.e-madgin.com\/index.php\/wp-json\/wp\/v2\/media\/5564"}],"wp:attachment":[{"href":"https:\/\/newmoteuretsens.e-madgin.com\/index.php\/wp-json\/wp\/v2\/media?parent=5563"}],"wp:term":[{"taxonomy":"product_cat","embeddable":true,"href":"https:\/\/newmoteuretsens.e-madgin.com\/index.php\/wp-json\/wp\/v2\/product_cat?post=5563"},{"taxonomy":"product_tag","embeddable":true,"href":"https:\/\/newmoteuretsens.e-madgin.com\/index.php\/wp-json\/wp\/v2\/product_tag?post=5563"}],"curies":[{"name":"wp","href":"https:\/\/api.w.org\/{rel}","templated":true}]}}