{"id":4902,"date":"2021-10-13T12:31:26","date_gmt":"2021-10-13T10:31:26","guid":{"rendered":"https:\/\/newmoteuretsens.e-madgin.com\/?post_type=product&#038;p=4902"},"modified":"2021-10-13T12:33:05","modified_gmt":"2021-10-13T10:33:05","slug":"porsche-911-type-997-gt3rs-415ch","status":"publish","type":"product","link":"https:\/\/newmoteuretsens.e-madgin.com\/index.php\/produit\/porsche-911-type-997-gt3rs-415ch\/","title":{"rendered":"PORSCHE &#8211; 911 type 997 GT3RS 415ch"},"content":{"rendered":"<p>La Porsche 997 GT3 RS descend d&rsquo;une longue et prestigieuse lign\u00e9e de sportive. Digne h\u00e9riti\u00e8re de la mythique 911 Carrera 2.7 RS dite \u00ab\u00a0Clubsport\u00a0\u00bb, la philosophie n&rsquo;a pas chang\u00e9. Le programme est simple : favoriser les sensations de conduite gr\u00e2ce \u00e0 une optimisation m\u00e9canique et surtout \u00e0 l&rsquo;all\u00e8gement de l&rsquo;auto. Cette g\u00e9n\u00e9ration n&rsquo;\u00e9chappe pas \u00e0 cette r\u00e8gle puis-qu\u2019environ 20 kilos sont gagn\u00e9s sur la balance grace \u00e0 l&rsquo;utilisation de carbone et de polycarbonate. Le pilotage n&rsquo;est pas oubli\u00e9 puisque les r\u00e9glages de ch\u00e2ssis et de trains sont revus. Le mod\u00e8le que nous proposons \u00e0 la vente est pr\u00e9sent\u00e9 dans cette sublime livr\u00e9e Orange bandes noires. Il s&rsquo;agit d&rsquo;une seconde main Fran\u00e7aise d&rsquo;origine, son historique est limpide et \u00e0 jour (Derni\u00e8re r\u00e9vision en 04\/2021 \u00e0 58 150km), les 4 pneus sont neufs.<\/p>\n","protected":false},"excerpt":{"rendered":"<ul>\n<li>Ciel de toit alcantara<\/li>\n<li>Pack Carbone int\u00e9rieur<\/li>\n<li>Tapis de sol<\/li>\n<li>Pack Clubsport<\/li>\n<li>Arceau et harnais<\/li>\n<li>Etriers de freins rouge<\/li>\n<li>Carnet d&rsquo;entretien<\/li>\n<li>Facture d&rsquo;entretien<\/li>\n<li>Pack Sport Chrono<\/li>\n<li>Volant alcantara avec point milieu Jaune<\/li>\n<\/ul>\n","protected":false},"featured_media":4903,"comment_status":"open","ping_status":"closed","template":"","meta":[],"product_cat":[21],"product_tag":[],"class_list":["post-4902","product","type-product","status-publish","has-post-thumbnail","hentry","product_cat-porsche","entry","has-media"],"_links":{"self":[{"href":"https:\/\/newmoteuretsens.e-madgin.com\/index.php\/wp-json\/wp\/v2\/product\/4902","targetHints":{"allow":["GET"]}}],"collection":[{"href":"https:\/\/newmoteuretsens.e-madgin.com\/index.php\/wp-json\/wp\/v2\/product"}],"about":[{"href":"https:\/\/newmoteuretsens.e-madgin.com\/index.php\/wp-json\/wp\/v2\/types\/product"}],"replies":[{"embeddable":true,"href":"https:\/\/newmoteuretsens.e-madgin.com\/index.php\/wp-json\/wp\/v2\/comments?post=4902"}],"wp:featuredmedia":[{"embeddable":true,"href":"https:\/\/newmoteuretsens.e-madgin.com\/index.php\/wp-json\/wp\/v2\/media\/4903"}],"wp:attachment":[{"href":"https:\/\/newmoteuretsens.e-madgin.com\/index.php\/wp-json\/wp\/v2\/media?parent=4902"}],"wp:term":[{"taxonomy":"product_cat","embeddable":true,"href":"https:\/\/newmoteuretsens.e-madgin.com\/index.php\/wp-json\/wp\/v2\/product_cat?post=4902"},{"taxonomy":"product_tag","embeddable":true,"href":"https:\/\/newmoteuretsens.e-madgin.com\/index.php\/wp-json\/wp\/v2\/product_tag?post=4902"}],"curies":[{"name":"wp","href":"https:\/\/api.w.org\/{rel}","templated":true}]}}