{"id":4849,"date":"2021-10-13T12:26:03","date_gmt":"2021-10-13T10:26:03","guid":{"rendered":"https:\/\/newmoteuretsens.e-madgin.com\/?post_type=product&#038;p=4849"},"modified":"2021-11-29T14:54:12","modified_gmt":"2021-11-29T13:54:12","slug":"mercedes-sls-amg-roadster","status":"publish","type":"product","link":"https:\/\/newmoteuretsens.e-madgin.com\/index.php\/produit\/mercedes-sls-amg-roadster\/","title":{"rendered":"MERCEDES &#8211; SLS AMG Roadster"},"content":{"rendered":"<p>La SLS AMG, arriv\u00e9e 5 ans apr\u00e8s la supercar SLR, a enfin r\u00e9ussi \u00e0 convaincre les passionn\u00e9s et nostalgiques de la belle \u00e9poque Mercedes. Il faut dire que tout est l\u00e0 : un look n\u00e9o-r\u00e9tro rendant hommage \u00e0 la 300 SL, un moteur rageur dont la puissance approche les 100 ch au litre et une boite, certes automatiques, mais \u00e0 double embrayage et tr\u00e8s correctement \u00e9tag\u00e9e. Le r\u00e9sultat donne une auto unique, au look sportif et au charme intemporel. Cerise sur le g\u00e2teau, dans cette version roadster, on profite des m\u00e9lop\u00e9es du V8 6.2L cheveux aux vents .. quelle exp\u00e9rience !! Le mod\u00e8le que nous pr\u00e9sentons ici est une deuxi\u00e8me main en \u00e9tat neuf et proposant un niveau d&rsquo;\u00e9quipement rare. Le gris argent Alubeam (option \u00e0 12 600 \u20ac), la syst\u00e8me hifi Bang &amp; Olufsen (7 000 \u20ac), les freins c\u00e9ramique, les jantes forg\u00e9es AMG 10 branches, le full cuir Excusif, cam\u00e9ra de recul etc.. Une r\u00e9vision vient juste d&rsquo;\u00eatre r\u00e9alis\u00e9e chez Mercedes en 03\/2021 \u00e0 11700km. L&rsquo;occasion d&rsquo;acheter une tr\u00e8s belle pi\u00e8ce d&rsquo;histoire, tr\u00e8s peu kilom\u00e9tr\u00e9e et dont la cote s&rsquo;est enfin stabilis\u00e9e.<\/p>\n","protected":false},"excerpt":{"rendered":"<ul>\n<li>Si\u00e8ges Sport Carbone<\/li>\n<li>Bang &amp; Olufsen<\/li>\n<li>Pack Carbone int\u00e9rieur<\/li>\n<li>Cam\u00e9ra de recul<\/li>\n<li>Seuil de porte en carbone<\/li>\n<li>Radars de stationnement avant et arri\u00e8re<\/li>\n<li>Freins c\u00e9ramiques<\/li>\n<li>Facture d&rsquo;entretien<\/li>\n<li>Jantes forg\u00e9es AMG 10 branches<\/li>\n<li>Peinture AMG argent alubeam<\/li>\n<\/ul>\n","protected":false},"featured_media":4850,"comment_status":"open","ping_status":"closed","template":"","meta":[],"product_cat":[19],"product_tag":[],"class_list":["post-4849","product","type-product","status-publish","has-post-thumbnail","hentry","product_cat-mercedes","entry","has-media"],"_links":{"self":[{"href":"https:\/\/newmoteuretsens.e-madgin.com\/index.php\/wp-json\/wp\/v2\/product\/4849","targetHints":{"allow":["GET"]}}],"collection":[{"href":"https:\/\/newmoteuretsens.e-madgin.com\/index.php\/wp-json\/wp\/v2\/product"}],"about":[{"href":"https:\/\/newmoteuretsens.e-madgin.com\/index.php\/wp-json\/wp\/v2\/types\/product"}],"replies":[{"embeddable":true,"href":"https:\/\/newmoteuretsens.e-madgin.com\/index.php\/wp-json\/wp\/v2\/comments?post=4849"}],"wp:featuredmedia":[{"embeddable":true,"href":"https:\/\/newmoteuretsens.e-madgin.com\/index.php\/wp-json\/wp\/v2\/media\/4850"}],"wp:attachment":[{"href":"https:\/\/newmoteuretsens.e-madgin.com\/index.php\/wp-json\/wp\/v2\/media?parent=4849"}],"wp:term":[{"taxonomy":"product_cat","embeddable":true,"href":"https:\/\/newmoteuretsens.e-madgin.com\/index.php\/wp-json\/wp\/v2\/product_cat?post=4849"},{"taxonomy":"product_tag","embeddable":true,"href":"https:\/\/newmoteuretsens.e-madgin.com\/index.php\/wp-json\/wp\/v2\/product_tag?post=4849"}],"curies":[{"name":"wp","href":"https:\/\/api.w.org\/{rel}","templated":true}]}}