{"id":4711,"date":"2021-10-13T11:57:23","date_gmt":"2021-10-13T09:57:23","guid":{"rendered":"https:\/\/newmoteuretsens.e-madgin.com\/?post_type=product&#038;p=4711"},"modified":"2022-01-12T15:12:13","modified_gmt":"2022-01-12T14:12:13","slug":"lamborghini-aventador-sv-lp-750-4","status":"publish","type":"product","link":"https:\/\/newmoteuretsens.e-madgin.com\/index.php\/produit\/lamborghini-aventador-sv-lp-750-4\/","title":{"rendered":"LAMBORGHINI &#8211; Aventador SV  LP 750-4"},"content":{"rendered":"<p>En 2015, Lamborghini pr\u00e9sente \u00e0 Gen\u00e8ve son Aventador LP 750-4 Superveloce. Une attention particuli\u00e8re a \u00e9t\u00e9 port\u00e9 sur la r\u00e9duction de poids tout en int\u00e9grant des technologies innovantes, c\u2019est 50kg de gagn\u00e9 gr\u00e2ce \u00e0 l\u2019utilisation de carbone. Les prises d&rsquo;air, les ailes et le gros aileron fixe ont \u00e9t\u00e9 remplac\u00e9s par des versions plus l\u00e9g\u00e8res en carbone, tandis qu&rsquo;\u00e0 l&rsquo;int\u00e9rieur, les coques de si\u00e8ges, le tunnel central et les panneaux de portes sont enti\u00e8rement en fibre de carbone. Notre mod\u00e8le est \u00e9tat neuf. En plus d&rsquo;une peinture Rosso Bia, elle est dot\u00e9e d&rsquo;un int\u00e9rieur en alcantara noir avec int\u00e9rieur SV Nero Rosso.<\/p>\n","protected":false},"excerpt":{"rendered":"<div class=\"options\">\n<ul>\n<li>D\u00e9tails ext\u00e9rieurs en carbone mates<\/li>\n<li>Capot en fibre de carbone<\/li>\n<li>Entr\u00e9es d&rsquo;air en carbone<\/li>\n<li>Jantes Diantus 20-21 pouces, noires brillantes<\/li>\n<li>Etriers de frein noirs<\/li>\n<li>Lift System<\/li>\n<li>Cam\u00e9ra de recul<\/li>\n<li>Syst\u00e8me de navigation<\/li>\n<li>Pack carbone int\u00e9rieur<\/li>\n<li>Volant en alcantara<\/li>\n<\/ul>\n<\/div>\n<div class=\"config\"><\/div>\n","protected":false},"featured_media":4712,"comment_status":"open","ping_status":"closed","template":"","meta":[],"product_cat":[29],"product_tag":[],"class_list":["post-4711","product","type-product","status-publish","has-post-thumbnail","hentry","product_cat-lamborghini","entry","has-media"],"_links":{"self":[{"href":"https:\/\/newmoteuretsens.e-madgin.com\/index.php\/wp-json\/wp\/v2\/product\/4711","targetHints":{"allow":["GET"]}}],"collection":[{"href":"https:\/\/newmoteuretsens.e-madgin.com\/index.php\/wp-json\/wp\/v2\/product"}],"about":[{"href":"https:\/\/newmoteuretsens.e-madgin.com\/index.php\/wp-json\/wp\/v2\/types\/product"}],"replies":[{"embeddable":true,"href":"https:\/\/newmoteuretsens.e-madgin.com\/index.php\/wp-json\/wp\/v2\/comments?post=4711"}],"wp:featuredmedia":[{"embeddable":true,"href":"https:\/\/newmoteuretsens.e-madgin.com\/index.php\/wp-json\/wp\/v2\/media\/4712"}],"wp:attachment":[{"href":"https:\/\/newmoteuretsens.e-madgin.com\/index.php\/wp-json\/wp\/v2\/media?parent=4711"}],"wp:term":[{"taxonomy":"product_cat","embeddable":true,"href":"https:\/\/newmoteuretsens.e-madgin.com\/index.php\/wp-json\/wp\/v2\/product_cat?post=4711"},{"taxonomy":"product_tag","embeddable":true,"href":"https:\/\/newmoteuretsens.e-madgin.com\/index.php\/wp-json\/wp\/v2\/product_tag?post=4711"}],"curies":[{"name":"wp","href":"https:\/\/api.w.org\/{rel}","templated":true}]}}