{"id":4659,"date":"2021-10-12T13:20:15","date_gmt":"2021-10-12T11:20:15","guid":{"rendered":"https:\/\/newmoteuretsens.e-madgin.com\/?post_type=product&#038;p=4659"},"modified":"2021-11-22T13:02:27","modified_gmt":"2021-11-22T12:02:27","slug":"lamborghini-urus-v8-650ch","status":"publish","type":"product","link":"https:\/\/newmoteuretsens.e-madgin.com\/index.php\/produit\/lamborghini-urus-v8-650ch\/","title":{"rendered":"LAMBORGHINI &#8211; Urus V8 650CH"},"content":{"rendered":"<p>Le segment des SUV fait d\u00e9sormais partie int\u00e9grante de la production automobile, si bien que m\u00eame les constructeurs d&rsquo;autos sportives s&rsquo;y sont mis, Lamborghini n&rsquo;a pas d\u00e9rog\u00e9 \u00e0 la r\u00e8gle et a su prendre ce tournant \u00e0 merveille en injectant tout son ADN et son design bestial habituel dans le URUS. Ce n&rsquo;est en fait pas la premi\u00e8re fois que la marque de Sant&rsquo;Agata produit une machine destin\u00e9e \u00e0 s&rsquo;aventurer ailleurs que sur la route, souvenez vous du LM002 dont l&rsquo;URUS \u00e0 repris une part d&rsquo;extravagance. Cot\u00e9 performance, le moteur V8 Bi-turbo d\u00e9veloppe 650CH et d\u00e9livre son couple maximum de 850nm d\u00e8s 2250tr\/min : Une v\u00e9ritable pompe \u00e0 feu ! Ne vous fiez pas \u00e0 son poids (2,2 tonnes), cette familiale haute perch\u00e9e ne manque pas de v\u00e9locit\u00e9, ce notamment gr\u00e2ce \u00e0 ses 4 roues directrices ou encore ses barres antiroulis actives qui permettent au monstre de virer \u00e0 plat. Notre exemplaire est une premi\u00e8re main fran\u00e7aise d\u00e9j\u00e0 immatricul\u00e9e et extr\u00eamement bien configur\u00e9e.<\/p>\n","protected":false},"excerpt":{"rendered":"<ul>\n<li>Bluetooth<\/li>\n<li>KeyLess GO<\/li>\n<li>Bang &amp; Olufsen<\/li>\n<li>R\u00e9gulateur de vitesse<\/li>\n<li>Radars de stationnement avant et arri\u00e8re<\/li>\n<li>Si\u00e8ges \u00e9lectriques m\u00e9moires<\/li>\n<li>Volant multifonctions<\/li>\n<li>Cam\u00e9ras 360\u00b0<\/li>\n<li>Toit ouvrant panoramique<\/li>\n<li>TVA r\u00e9cup\u00e9rable<\/li>\n<li>Branding Pack<\/li>\n<li>Si\u00e8ges AV chauffants\/ventil\u00e9s<\/li>\n<li>Si\u00e8ges AR chauffants<\/li>\n<li>TV Si\u00e8ges AR<\/li>\n<li>Eletrical Trailer Towing<\/li>\n<li>Volant cuir chauffant<\/li>\n<\/ul>\n","protected":false},"featured_media":4660,"comment_status":"open","ping_status":"closed","template":"","meta":[],"product_cat":[29],"product_tag":[],"class_list":["post-4659","product","type-product","status-publish","has-post-thumbnail","hentry","product_cat-lamborghini","entry","has-media"],"_links":{"self":[{"href":"https:\/\/newmoteuretsens.e-madgin.com\/index.php\/wp-json\/wp\/v2\/product\/4659","targetHints":{"allow":["GET"]}}],"collection":[{"href":"https:\/\/newmoteuretsens.e-madgin.com\/index.php\/wp-json\/wp\/v2\/product"}],"about":[{"href":"https:\/\/newmoteuretsens.e-madgin.com\/index.php\/wp-json\/wp\/v2\/types\/product"}],"replies":[{"embeddable":true,"href":"https:\/\/newmoteuretsens.e-madgin.com\/index.php\/wp-json\/wp\/v2\/comments?post=4659"}],"wp:featuredmedia":[{"embeddable":true,"href":"https:\/\/newmoteuretsens.e-madgin.com\/index.php\/wp-json\/wp\/v2\/media\/4660"}],"wp:attachment":[{"href":"https:\/\/newmoteuretsens.e-madgin.com\/index.php\/wp-json\/wp\/v2\/media?parent=4659"}],"wp:term":[{"taxonomy":"product_cat","embeddable":true,"href":"https:\/\/newmoteuretsens.e-madgin.com\/index.php\/wp-json\/wp\/v2\/product_cat?post=4659"},{"taxonomy":"product_tag","embeddable":true,"href":"https:\/\/newmoteuretsens.e-madgin.com\/index.php\/wp-json\/wp\/v2\/product_tag?post=4659"}],"curies":[{"name":"wp","href":"https:\/\/api.w.org\/{rel}","templated":true}]}}