{"id":4409,"date":"2021-12-12T19:35:14","date_gmt":"2021-12-12T18:35:14","guid":{"rendered":"https:\/\/newmoteuretsens.e-madgin.com\/?post_type=product&#038;p=4409"},"modified":"2021-12-13T16:10:45","modified_gmt":"2021-12-13T15:10:45","slug":"mclaren-720s-spider-novitec","status":"publish","type":"product","link":"https:\/\/newmoteuretsens.e-madgin.com\/index.php\/produit\/mclaren-720s-spider-novitec\/","title":{"rendered":"MCLAREN &#8211; 720S Spider Novitec"},"content":{"rendered":"<p>Sortie en 2017, la 720S succ\u00e8de \u00e0 la 650S dans la gamme des Super Series chez Mclaren. Le moteur V8 Bi-turbo s&rsquo;est vu pass\u00e9 de 3.8L \u00e0 4.0L et d\u00e9veloppe d\u00e9sormais une puissance de 720ch. On reconnait toujours le somptueux coup de crayon de M. Frank Stephenson : designer entre autres de la McLaren P1, qui a optimis\u00e9 l&rsquo;a\u00e9rodynamique au maximum sur cette version, notamment par l&rsquo;utilisation de ses phares avant comme entr\u00e9es d&rsquo;air. Le ch\u00e2ssis en carbone a \u00e9galement \u00e9t\u00e9 modifi\u00e9 (Proactive ch\u00e2ssis control II) pour gagner en l\u00e9g\u00e8ret\u00e9 et rigidit\u00e9 ce qui am\u00e9liore les performances et le comportement g\u00e9n\u00e9ral de l&rsquo;auto. L&rsquo;exemplaire que nous proposons ici en version Spider est unique en son genre car dot\u00e9 d&rsquo;un kit complet Novitec offrant notamment de nombreuses pi\u00e8ces Carbone et surtout un \u00e9chappement qui lib\u00e8re totalement la sonorit\u00e9 du V8 Bi-turbo, l&rsquo;exp\u00e9rience \u00e0 son volant est simplement hors norme ! A l&rsquo;int\u00e9rieur nous retrouvons les couteux et tr\u00e8s d\u00e9sirables si\u00e8ges baquets carbone de la Senna. L&rsquo;auto est \u00e0 jour d&rsquo;entretiens et est int\u00e9gralement prot\u00e9g\u00e9e par un film transparent.<\/p>\n","protected":false},"excerpt":{"rendered":"<ul>\n<li>Bluetooth<\/li>\n<li>KeyLess GO<\/li>\n<li>Syst\u00e8me de levage de l&rsquo;essieu avant<\/li>\n<li>Cam\u00e9ra de recul<\/li>\n<li>Radars de stationnement avant et arri\u00e8re<\/li>\n<li>Etriers de frein bleus<\/li>\n<li>R\u00e9troviseurs carbone<\/li>\n<li>Diffuseur arri\u00e8re en carbone<\/li>\n<li>Lame avant carbone<\/li>\n<li>Seuils de portes carbone<\/li>\n<li>Volant alcantara carbone<\/li>\n<li>Palettes MSO Carbone<\/li>\n<li>Si\u00e8ges baquets carbone type SENNA<\/li>\n<li>Montants de baie de pare-brise en carbone<\/li>\n<li>Inserts \u00e9cran central en fibre de carbone<\/li>\n<li>Syst\u00e8me audio Bower &amp; Wilkins<\/li>\n<li>Prises d&rsquo;air en Carbone<\/li>\n<li>Kit Novitec<\/li>\n<li>Ailettes carbone<\/li>\n<\/ul>\n","protected":false},"featured_media":4410,"comment_status":"open","ping_status":"closed","template":"","meta":[],"product_cat":[22],"product_tag":[],"class_list":["post-4409","product","type-product","status-publish","has-post-thumbnail","hentry","product_cat-mclaren","entry","has-media"],"_links":{"self":[{"href":"https:\/\/newmoteuretsens.e-madgin.com\/index.php\/wp-json\/wp\/v2\/product\/4409","targetHints":{"allow":["GET"]}}],"collection":[{"href":"https:\/\/newmoteuretsens.e-madgin.com\/index.php\/wp-json\/wp\/v2\/product"}],"about":[{"href":"https:\/\/newmoteuretsens.e-madgin.com\/index.php\/wp-json\/wp\/v2\/types\/product"}],"replies":[{"embeddable":true,"href":"https:\/\/newmoteuretsens.e-madgin.com\/index.php\/wp-json\/wp\/v2\/comments?post=4409"}],"wp:featuredmedia":[{"embeddable":true,"href":"https:\/\/newmoteuretsens.e-madgin.com\/index.php\/wp-json\/wp\/v2\/media\/4410"}],"wp:attachment":[{"href":"https:\/\/newmoteuretsens.e-madgin.com\/index.php\/wp-json\/wp\/v2\/media?parent=4409"}],"wp:term":[{"taxonomy":"product_cat","embeddable":true,"href":"https:\/\/newmoteuretsens.e-madgin.com\/index.php\/wp-json\/wp\/v2\/product_cat?post=4409"},{"taxonomy":"product_tag","embeddable":true,"href":"https:\/\/newmoteuretsens.e-madgin.com\/index.php\/wp-json\/wp\/v2\/product_tag?post=4409"}],"curies":[{"name":"wp","href":"https:\/\/api.w.org\/{rel}","templated":true}]}}