{"id":4176,"date":"2021-10-08T10:31:59","date_gmt":"2021-10-08T08:31:59","guid":{"rendered":"https:\/\/newmoteuretsens.e-madgin.com\/?post_type=product&#038;p=4176"},"modified":"2022-01-28T11:24:38","modified_gmt":"2022-01-28T10:24:38","slug":"ferrari-f355-spider","status":"publish","type":"product","link":"https:\/\/newmoteuretsens.e-madgin.com\/index.php\/produit\/ferrari-f355-spider\/","title":{"rendered":"FERRARI &#8211; F355 Spider"},"content":{"rendered":"<p>La 355 est un vrai step en avant en terme de polyvalence d&rsquo;utilisation compar\u00e9 \u00e0 la 348. Direction , comportement dynamique, performances, c&rsquo;est une Ferrari moderne. Sa ligne est sans conteste une des plus belles r\u00e9ussite de la marque de Maranello, et c&rsquo;est une voiture d&rsquo;\u00e9picurien dans sa configuration Spider, afin de profiter d&rsquo;une ligne chop\u00e9e et des vocalises du V8 sensationnelles. Cet exemplaire est Allemand d&rsquo;origine, suivi en concession puis chez des Sp\u00e9cialistes. Le gros entretien courroies, embrayage a \u00e9t\u00e9 fait r\u00e9cemment et la voiture est dans un \u00e9tat exceptionnel. Elle a \u00e9galement \u00e9t\u00e9 expertis\u00e9e. Un des outils les plus sexy du monde, pour une ballade bucolique.<\/p>\n","protected":false},"excerpt":{"rendered":"<div class=\"options\">\n<ul>\n<li>Pack Carbone int\u00e9rieur<\/li>\n<li>Seuil de porte en carbone<\/li>\n<li>Ecussons Scuderia sur ailes avant<\/li>\n<li>Int\u00e9rieur tout cuir<\/li>\n<li>Si\u00e8ges \u00e9lectriques<\/li>\n<li>Etriers de freins noir<\/li>\n<li>Grille arri\u00e8re challenge<\/li>\n<\/ul>\n<\/div>\n","protected":false},"featured_media":4177,"comment_status":"open","ping_status":"closed","template":"","meta":[],"product_cat":[23],"product_tag":[],"class_list":["post-4176","product","type-product","status-publish","has-post-thumbnail","hentry","product_cat-ferrari","entry","has-media"],"_links":{"self":[{"href":"https:\/\/newmoteuretsens.e-madgin.com\/index.php\/wp-json\/wp\/v2\/product\/4176","targetHints":{"allow":["GET"]}}],"collection":[{"href":"https:\/\/newmoteuretsens.e-madgin.com\/index.php\/wp-json\/wp\/v2\/product"}],"about":[{"href":"https:\/\/newmoteuretsens.e-madgin.com\/index.php\/wp-json\/wp\/v2\/types\/product"}],"replies":[{"embeddable":true,"href":"https:\/\/newmoteuretsens.e-madgin.com\/index.php\/wp-json\/wp\/v2\/comments?post=4176"}],"wp:featuredmedia":[{"embeddable":true,"href":"https:\/\/newmoteuretsens.e-madgin.com\/index.php\/wp-json\/wp\/v2\/media\/4177"}],"wp:attachment":[{"href":"https:\/\/newmoteuretsens.e-madgin.com\/index.php\/wp-json\/wp\/v2\/media?parent=4176"}],"wp:term":[{"taxonomy":"product_cat","embeddable":true,"href":"https:\/\/newmoteuretsens.e-madgin.com\/index.php\/wp-json\/wp\/v2\/product_cat?post=4176"},{"taxonomy":"product_tag","embeddable":true,"href":"https:\/\/newmoteuretsens.e-madgin.com\/index.php\/wp-json\/wp\/v2\/product_tag?post=4176"}],"curies":[{"name":"wp","href":"https:\/\/api.w.org\/{rel}","templated":true}]}}