{"id":3885,"date":"2021-10-07T18:12:12","date_gmt":"2021-10-07T16:12:12","guid":{"rendered":"https:\/\/newmoteuretsens.e-madgin.com\/?post_type=product&#038;p=3885"},"modified":"2021-10-21T11:18:04","modified_gmt":"2021-10-21T09:18:04","slug":"audi-rs5f5-coupe-2-9-v6-450ch","status":"publish","type":"product","link":"https:\/\/newmoteuretsens.e-madgin.com\/index.php\/produit\/audi-rs5f5-coupe-2-9-v6-450ch\/","title":{"rendered":"Audi &#8211; RS5(F5) Coup\u00e9 2.9 V6 450Ch"},"content":{"rendered":"<p>Plus coupleuse, plus vigoureuse, plus polyvalente, plus mesur\u00e9e dans sa consommation, malgr\u00e9 le downsizing op\u00e9r\u00e9 sur la nouvelle RS5, celle-ci n&rsquo;a rien a envier \u00e0 la g\u00e9n\u00e9ration pr\u00e9c\u00e9dente car elle a finalement conserv\u00e9e et am\u00e9lior\u00e9e son \u00e2me de sportive. Elle est plus que jamais une auto Docteur Jekyll et Mister Hyde capable d&rsquo;assouplir son amortissement, mettre en sourdine les clapets de son \u00e9chappement et adoucir ses passages de rapport. Et puis, une fois en mode Dynamic la voiture se raffermit , la direction devient ferme et verrouill\u00e9e, tout en laissant \u00e9chappant des petites explosions \u00e0 chaque lever de pied. Notre exemplaire est pr\u00e9sent\u00e9e dans cette sublime livr\u00e9e Gris Nardo, associ\u00e9 \u00e0 l&rsquo;int\u00e9rieur cuir surpiqu\u00e9 si convoit\u00e9. Parfaitement optionn\u00e9e, l&rsquo;auto est en parfait \u00e9tat et sous garantie Audi jusqu&rsquo;en 01\/2023.<\/p>\n","protected":false},"excerpt":{"rendered":"<ul>\n<li>Affichage t\u00eate haute<\/li>\n<li>Bang &amp; Olufsen Sound System avec son en 3D<\/li>\n<li>Coques de r\u00e9troviseurs noir brillant<\/li>\n<li>Diff\u00e9rentiel Quattro Sport<\/li>\n<li>Toit ouvrant coulissant\/relevable \u00e9lectriquement en verre de s\u00e9curit\u00e9, teint\u00e9 et pare-soleil<\/li>\n<li>Vitesse maximale relev\u00e9e \u00e0 280km\/h<\/li>\n<li>Pack Dynamique RS<\/li>\n<li>Ch\u00e2ssis sport RS+ avec dynamic ride control<\/li>\n<li>Pack esth\u00e9tique noir brillant (Diffuseur, Lame AV, Baguettes)<\/li>\n<li>Vitres et lunettes AR teint\u00e9es gris<\/li>\n<li>Echappement sport<\/li>\n<li>Sellerie cuir Nappa fin avec piquage en losange rouge<\/li>\n<li>Pack Design RS<\/li>\n<li>Eclairage d&rsquo;ambiance<\/li>\n<li>Jantes polies 20&prime;<\/li>\n<\/ul>\n","protected":false},"featured_media":3886,"comment_status":"open","ping_status":"closed","template":"","meta":[],"product_cat":[20],"product_tag":[],"class_list":["post-3885","product","type-product","status-publish","has-post-thumbnail","hentry","product_cat-audi","entry","has-media"],"_links":{"self":[{"href":"https:\/\/newmoteuretsens.e-madgin.com\/index.php\/wp-json\/wp\/v2\/product\/3885","targetHints":{"allow":["GET"]}}],"collection":[{"href":"https:\/\/newmoteuretsens.e-madgin.com\/index.php\/wp-json\/wp\/v2\/product"}],"about":[{"href":"https:\/\/newmoteuretsens.e-madgin.com\/index.php\/wp-json\/wp\/v2\/types\/product"}],"replies":[{"embeddable":true,"href":"https:\/\/newmoteuretsens.e-madgin.com\/index.php\/wp-json\/wp\/v2\/comments?post=3885"}],"wp:featuredmedia":[{"embeddable":true,"href":"https:\/\/newmoteuretsens.e-madgin.com\/index.php\/wp-json\/wp\/v2\/media\/3886"}],"wp:attachment":[{"href":"https:\/\/newmoteuretsens.e-madgin.com\/index.php\/wp-json\/wp\/v2\/media?parent=3885"}],"wp:term":[{"taxonomy":"product_cat","embeddable":true,"href":"https:\/\/newmoteuretsens.e-madgin.com\/index.php\/wp-json\/wp\/v2\/product_cat?post=3885"},{"taxonomy":"product_tag","embeddable":true,"href":"https:\/\/newmoteuretsens.e-madgin.com\/index.php\/wp-json\/wp\/v2\/product_tag?post=3885"}],"curies":[{"name":"wp","href":"https:\/\/api.w.org\/{rel}","templated":true}]}}