{"id":3839,"date":"2021-10-07T18:06:26","date_gmt":"2021-10-07T16:06:26","guid":{"rendered":"https:\/\/newmoteuretsens.e-madgin.com\/?post_type=product&#038;p=3839"},"modified":"2021-11-29T15:03:13","modified_gmt":"2021-11-29T14:03:13","slug":"aston-martin-dbs-coupe-517ch-touchtronic-quantum","status":"publish","type":"product","link":"https:\/\/newmoteuretsens.e-madgin.com\/index.php\/produit\/aston-martin-dbs-coupe-517ch-touchtronic-quantum\/","title":{"rendered":"ASTON MARTIN &#8211; DBS Coup\u00e9 517Ch Touchtronic Quantum"},"content":{"rendered":"<p>Figure classique dans l&rsquo;histoire d&rsquo;Aston Martin, la DBS de cette g\u00e9n\u00e9ration fait partie de ces mod\u00e8les absolument intemporel, dot\u00e9e d&rsquo;une \u00e9l\u00e9gance et d&rsquo;un charme incroyable. Sous le capot s&rsquo;y loge un V12 atmosph\u00e9rique made in Gaydon d\u00e9livrant des envol\u00e9es lyriques extraordinaires et une allonge sans fin. A l&rsquo;int\u00e9rieur, le chic anglais est omnipr\u00e9sent, cuir et alcantara s&rsquo;entrem\u00eale et offre cette atmosph\u00e8re si propre aux autos de la firme anglaise. Notre exemplaire poss\u00e8de LA configuration la plus d\u00e9sirable, reprenant strictement les codes du film Quantum Of Solace dont cette peinture tient son nom. L&rsquo;auto est dans un \u00e9tat absolument parfait, elle pr\u00e9sente un suivi sans faille chez Aston martin depuis sa mise en circulation.<\/p>\n","protected":false},"excerpt":{"rendered":"<ul>\n<li>Bang &amp; Olufsen<\/li>\n<li>Ciel de toit alcantara<\/li>\n<li>Pack Carbone ext\u00e9rieur<\/li>\n<li>R\u00e9gulateur de vitesse<\/li>\n<li>Tapis de sol<\/li>\n<li>Int\u00e9rieur cuir\/alcantara<\/li>\n<li>Syst\u00e8me de capteurs de pressions de pneus<\/li>\n<li>Radars de stationnement avant et arri\u00e8re<\/li>\n<li>Freins c\u00e9ramiques<\/li>\n<li>Carnet d&rsquo;entretien<\/li>\n<li>Facture d&rsquo;entretien<\/li>\n<li>Diffuseur arri\u00e8re carbone<\/li>\n<li>Si\u00e8ges \u00e9lectriques m\u00e9moires<\/li>\n<li>Surpiq\u00fbres gris clair<\/li>\n<li>Volant multifonctions<\/li>\n<li>Syst\u00e8me de navigation<\/li>\n<li>R\u00e9troviseurs rabattables \u00e9lectriquement<\/li>\n<\/ul>\n","protected":false},"featured_media":3840,"comment_status":"open","ping_status":"closed","template":"","meta":[],"product_cat":[25],"product_tag":[],"class_list":["post-3839","product","type-product","status-publish","has-post-thumbnail","hentry","product_cat-aston-martin","entry","has-media"],"_links":{"self":[{"href":"https:\/\/newmoteuretsens.e-madgin.com\/index.php\/wp-json\/wp\/v2\/product\/3839","targetHints":{"allow":["GET"]}}],"collection":[{"href":"https:\/\/newmoteuretsens.e-madgin.com\/index.php\/wp-json\/wp\/v2\/product"}],"about":[{"href":"https:\/\/newmoteuretsens.e-madgin.com\/index.php\/wp-json\/wp\/v2\/types\/product"}],"replies":[{"embeddable":true,"href":"https:\/\/newmoteuretsens.e-madgin.com\/index.php\/wp-json\/wp\/v2\/comments?post=3839"}],"wp:featuredmedia":[{"embeddable":true,"href":"https:\/\/newmoteuretsens.e-madgin.com\/index.php\/wp-json\/wp\/v2\/media\/3840"}],"wp:attachment":[{"href":"https:\/\/newmoteuretsens.e-madgin.com\/index.php\/wp-json\/wp\/v2\/media?parent=3839"}],"wp:term":[{"taxonomy":"product_cat","embeddable":true,"href":"https:\/\/newmoteuretsens.e-madgin.com\/index.php\/wp-json\/wp\/v2\/product_cat?post=3839"},{"taxonomy":"product_tag","embeddable":true,"href":"https:\/\/newmoteuretsens.e-madgin.com\/index.php\/wp-json\/wp\/v2\/product_tag?post=3839"}],"curies":[{"name":"wp","href":"https:\/\/api.w.org\/{rel}","templated":true}]}}