{"id":17736,"date":"2022-01-26T18:30:05","date_gmt":"2022-01-26T17:30:05","guid":{"rendered":"https:\/\/newmoteuretsens.e-madgin.com\/?post_type=product&#038;p=17736"},"modified":"2022-01-26T18:30:05","modified_gmt":"2022-01-26T17:30:05","slug":"porsche-930-turbo-3-3-300ch-bvm4","status":"publish","type":"product","link":"https:\/\/newmoteuretsens.e-madgin.com\/index.php\/produit\/porsche-930-turbo-3-3-300ch-bvm4\/","title":{"rendered":"PORSCHE 930 TURBO 3.3 300CH BVM4"},"content":{"rendered":"<p>Avec ses impressionnantes extensions d&rsquo;ailes et son \u00e9norme aileron arri\u00e8re, la premi\u00e8re Porsche 930, dite 911 Turbo de 1975, avait de quoi impressionner. Avec la version 3,3 litres et 300 ch: la voiture passait de 0 \u00e0 100 km\/h en 5,4 s ! Son look exub\u00e9rant co\u00efncide avec les sensations de conduite qu&rsquo;elle procure, une personnalit\u00e9 compl\u00e8tement bipolaire qui avait effray\u00e9e quelques journalistes auto de l&rsquo;\u00e9poque au moment de pass\u00e9 \u00e0 l&rsquo;essai.Comme toutes les PORSCHE, la 930 sait rouler en ville tranquillement sur un filet de gaz, mais d\u00e8s que le gros monoturbo se met \u00e0 souffler, les 300 chevaux arrivent d&rsquo;un seul coup, sans aucune progressivit\u00e9 ni aide \u00e9lectronique : c&rsquo;est le fameux \u00ab coup de pied \u00bb typique des moteurs turbo de ces ann\u00e9es. Cette version 3.3 de la mythique 930 Turbo est la plus d\u00e9sirable des 930 Turbo! Non seulement la puissance grimpait de 260 \u00e0 300 ch, mais surtout Porsche avait corrig\u00e9 le d\u00e9faut majeur des 930 Turbo 3.0, en ajoutant une soupape de d\u00e9charge au turbo KKK, ce qui rends l&rsquo;exp\u00e9rience tout aussi mythique, mais plus performante et plus sure.<\/p>\n<p>L&rsquo;exemplaire que nous vous pr\u00e9sentons aujourd&rsquo;hui a \u00e9t\u00e9 livr\u00e9 neuf en Belgique puis import\u00e9 en France en 1991. Le v\u00e9hicule est matching numbers et matching color (Quartz fum\u00e9 m\u00e9tallis\u00e9 X5 &#8211; 662). Nous poss\u00e9dons son carnet d&rsquo;entretiens d&rsquo;origine ainsi que son historique d&rsquo;entretiens. La voiture est dans un parfait \u00e9tat suite \u00e0 de nombreux frais r\u00e9cemment r\u00e9alis\u00e9s sur l&rsquo;auto (Freins, Pneus, Durites, Turbo, Pompes \u00e0 essence, K-jet, R\u00e9novation compl\u00e8te de l&rsquo;\u00e9chappement, R\u00e9novation des cuirs ..)<\/p>\n","protected":false},"excerpt":{"rendered":"<ul>\n<li>X5 Quartz fum\u00e9 m\u00e9tallis\u00e9<\/li>\n<li>VX Int\u00e9rieur cuir beige gris &#8211; Si\u00e8ges cuir perfor\u00e9 beige gris &#8211; Volant cuir<\/li>\n<li>261 R\u00e9troviseur ext\u00e9rieur passager plan r\u00e9glage et chauffage \u00e9lectrique<\/li>\n<li>409 Si\u00e8ges sport en cuir droit et gauche<\/li>\n<li>411 Support de plaque<\/li>\n<li>650 Toit coulissant \u00e9lectrique<\/li>\n<\/ul>\n","protected":false},"featured_media":17737,"comment_status":"open","ping_status":"closed","template":"","meta":[],"product_cat":[21],"product_tag":[],"class_list":["post-17736","product","type-product","status-publish","has-post-thumbnail","hentry","product_cat-porsche","entry","has-media"],"_links":{"self":[{"href":"https:\/\/newmoteuretsens.e-madgin.com\/index.php\/wp-json\/wp\/v2\/product\/17736","targetHints":{"allow":["GET"]}}],"collection":[{"href":"https:\/\/newmoteuretsens.e-madgin.com\/index.php\/wp-json\/wp\/v2\/product"}],"about":[{"href":"https:\/\/newmoteuretsens.e-madgin.com\/index.php\/wp-json\/wp\/v2\/types\/product"}],"replies":[{"embeddable":true,"href":"https:\/\/newmoteuretsens.e-madgin.com\/index.php\/wp-json\/wp\/v2\/comments?post=17736"}],"wp:featuredmedia":[{"embeddable":true,"href":"https:\/\/newmoteuretsens.e-madgin.com\/index.php\/wp-json\/wp\/v2\/media\/17737"}],"wp:attachment":[{"href":"https:\/\/newmoteuretsens.e-madgin.com\/index.php\/wp-json\/wp\/v2\/media?parent=17736"}],"wp:term":[{"taxonomy":"product_cat","embeddable":true,"href":"https:\/\/newmoteuretsens.e-madgin.com\/index.php\/wp-json\/wp\/v2\/product_cat?post=17736"},{"taxonomy":"product_tag","embeddable":true,"href":"https:\/\/newmoteuretsens.e-madgin.com\/index.php\/wp-json\/wp\/v2\/product_tag?post=17736"}],"curies":[{"name":"wp","href":"https:\/\/api.w.org\/{rel}","templated":true}]}}