{"id":15350,"date":"2021-12-22T16:03:42","date_gmt":"2021-12-22T15:03:42","guid":{"rendered":"https:\/\/newmoteuretsens.e-madgin.com\/?post_type=product&#038;p=15350"},"modified":"2022-02-08T13:13:33","modified_gmt":"2022-02-08T12:13:33","slug":"porsche-cayenne-iii-turbo-coupe","status":"publish","type":"product","link":"https:\/\/newmoteuretsens.e-madgin.com\/index.php\/produit\/porsche-cayenne-iii-turbo-coupe\/","title":{"rendered":"PORSCHE CAYENNE III TURBO COUPE"},"content":{"rendered":"<p>Le Cayenne est aujourd&rsquo;hui l&rsquo;une des r\u00e9f\u00e9rences dans sa cat\u00e9gorie, au m\u00eame titre que la 911 du c\u00f4t\u00e9 des vraies sportives. A son bord, le charme op\u00e8re d\u00e8s les premiers m\u00e8tres, les acc\u00e9l\u00e9rations sont fulgurantes sous un bruit \u00e0 r\u00e9veiller les morts et vous propulsent \u00e0 des vitesses inavouables. \u00c0 l&rsquo;approche des premiers virages, il faut freiner, et malgr\u00e9 les deux tonnes \u00e0 ralentir, les freins en tungst\u00e8ne de s\u00e9rie avec la version Turbo font un travail formidables et sont in\u00e9puisables m\u00eame malgr\u00e9 plusieurs freinages appuy\u00e9s r\u00e9p\u00e9t\u00e9s. La direction est d&rsquo;une pr\u00e9cision chirurgicale, les prises d&rsquo;appui sont ma\u00eetris\u00e9es, le roulis est quasi imperceptible et la bo\u00eete automatique Tiptronic \u00e0 huit rapports est excellente, bien qu&rsquo;un poil plus lente qu&rsquo;une PDK \u00e9videmment. La version Coup\u00e9 ne d\u00e9t\u00e9riore en aucun cas le confort de ses usagers avec une suspension assez souple en compression en mode \u00ab\u00a0Normal\u00a0\u00bb. Les modes \u00ab\u00a0Sport\u00a0\u00bb et \u00ab\u00a0Sport Plus\u00a0\u00bb sont loin d&rsquo;\u00eatre inutilisables dans des circonstances plus conventionnelles.<\/p>\n<p>L&rsquo;exemplaire que nous vous proposons aujourd&rsquo;hui est une premi\u00e8re main fran\u00e7aise d&rsquo;origine, incroyablement bien optionn\u00e9. La voiture est dans un \u00e9tat parfait et \u00e0 jour de r\u00e9vision chez Porsche. La TVA est r\u00e9cup\u00e9rable sur ce v\u00e9hicule.<\/p>\n","protected":false},"excerpt":{"rendered":"<ul>\n<li>GH3 Porsche Torque Vectoring Plus (PTV Plus)<\/li>\n<li>1P7 Porsche Dynamic Ch\u00e2ssis Control (PDCC)<\/li>\n<li>0P9 Syst\u00e8me d&rsquo;\u00e9chappement sport avec sorties d&rsquo;\u00e9chappement sport en Noir<\/li>\n<li>0N5 Essieu arri\u00e8re directionnel<\/li>\n<li>46S Jantes 911 Turbo Design 22 pouces avec \u00e9largisseurs d&rsquo;ailes peints en couleur ext\u00e9rieure<\/li>\n<li>8IU Phares matriciels \u00e0 LED avec Porsche Dynamic Light System Plus (PDLS+)<\/li>\n<li>VW6 Vitrage insonorisant et thermo-isolant avec vitrage arri\u00e8re fum\u00e9<\/li>\n<li>KS1 Affichage t\u00eate-haute<\/li>\n<li>9R1 Assistance \u00e0 la vision nocturne<\/li>\n<li>KA6 Assistance parking avant et arri\u00e8re avec cam\u00e9ra 360\u00b0<\/li>\n<li>PW1 Affichage des limitations de vitesse avec assistance de maintien dans la voie<\/li>\n<li>4F2 Acc\u00e8s confort<\/li>\n<li>GZ2 Fermeture assist\u00e9e des porti\u00e8res &#8211; Soft Close<\/li>\n<li>4GR Pare-Brise chauffant<\/li>\n<li>2V4 Ionisateur<\/li>\n<li>QQ1 Eclairage d&rsquo;ambiance<\/li>\n<li>6Q7 S\u00e9lecteur de vitesse Exclusive Design<\/li>\n<li>Q1J Si\u00e8ges Sport Plus adaptatifs 18 positions incl. Pack m\u00e9moire confort<\/li>\n<li>4D3 Ventilation des si\u00e8ges \u00e0 l&rsquo;avant<\/li>\n<li>4X4 Airbags lat\u00e9raux \u00e0 l&rsquo;arri\u00e8re<\/li>\n<li>9AE Climatisation automatique 4 zones<\/li>\n<li>9JB Pack fumeur<\/li>\n<li>3GN Pack d&rsquo;am\u00e9nagement du coffre<\/li>\n<li>6E3 Monogramme sur l&rsquo;accoudoir de la console centrale<\/li>\n<li>2ZF Volant sport GT chauffant en Alcantara<\/li>\n<li>5MH Pack int\u00e9rieur en carbone<\/li>\n<li>9ZC Compartiment de rangement pour smartphone avec fonction de recharge \u00e0 induction<\/li>\n<li>9VJ Burmester High-End Surround Sound System<\/li>\n<\/ul>\n","protected":false},"featured_media":15351,"comment_status":"open","ping_status":"closed","template":"","meta":[],"product_cat":[21],"product_tag":[],"class_list":["post-15350","product","type-product","status-publish","has-post-thumbnail","hentry","product_cat-porsche","entry","has-media"],"_links":{"self":[{"href":"https:\/\/newmoteuretsens.e-madgin.com\/index.php\/wp-json\/wp\/v2\/product\/15350","targetHints":{"allow":["GET"]}}],"collection":[{"href":"https:\/\/newmoteuretsens.e-madgin.com\/index.php\/wp-json\/wp\/v2\/product"}],"about":[{"href":"https:\/\/newmoteuretsens.e-madgin.com\/index.php\/wp-json\/wp\/v2\/types\/product"}],"replies":[{"embeddable":true,"href":"https:\/\/newmoteuretsens.e-madgin.com\/index.php\/wp-json\/wp\/v2\/comments?post=15350"}],"wp:featuredmedia":[{"embeddable":true,"href":"https:\/\/newmoteuretsens.e-madgin.com\/index.php\/wp-json\/wp\/v2\/media\/15351"}],"wp:attachment":[{"href":"https:\/\/newmoteuretsens.e-madgin.com\/index.php\/wp-json\/wp\/v2\/media?parent=15350"}],"wp:term":[{"taxonomy":"product_cat","embeddable":true,"href":"https:\/\/newmoteuretsens.e-madgin.com\/index.php\/wp-json\/wp\/v2\/product_cat?post=15350"},{"taxonomy":"product_tag","embeddable":true,"href":"https:\/\/newmoteuretsens.e-madgin.com\/index.php\/wp-json\/wp\/v2\/product_tag?post=15350"}],"curies":[{"name":"wp","href":"https:\/\/api.w.org\/{rel}","templated":true}]}}