{"id":14078,"date":"2021-12-10T19:39:03","date_gmt":"2021-12-10T18:39:03","guid":{"rendered":"https:\/\/newmoteuretsens.e-madgin.com\/?post_type=product&#038;p=14078"},"modified":"2022-01-19T16:22:14","modified_gmt":"2022-01-19T15:22:14","slug":"mercedes-amg-gt-462ch","status":"publish","type":"product","link":"https:\/\/newmoteuretsens.e-madgin.com\/index.php\/produit\/mercedes-amg-gt-462ch\/","title":{"rendered":"MERCEDES AMG GT 462CH"},"content":{"rendered":"<p>L&rsquo;AMG GT est arriv\u00e9 sur le march\u00e9 avec une seule ambition : faire de l&rsquo;ombre \u00e0 l\u2019ind\u00e9tr\u00f4nable Porsche 911. Les quelques ann\u00e9es qui ont suivi nous ont prouv\u00e9 que l&rsquo;objectif \u00e9tait largement atteint. Il faut dire que son look, son habitabilit\u00e9 et la sonorit\u00e9 de son V8 en font une voiture unique et surtout hors du commun. Les performances et sensations sont au rendez-vous \u00e9galement avec des chiffres similaires \u00e0 une Nissan GTR de 2017.<\/p>\n<p>L&rsquo;exemplaire que nous pr\u00e9sentons ici est en excellent \u00e9tat, n&rsquo;a jamais fait de circuit et est \u00e0 jour de r\u00e9vision chez Mercedes (derni\u00e8re en 04\/2021 \u00e0 24300km). Elle dispose d&rsquo;excellentes options telles que le toit panoramique, la Hifi Burmester o\u00f9 encore l&rsquo;\u00e9chappement performance . Sa peinture Diamond white metallic se marie \u00e0 merveille avec la couleur des jantes et du toit.<\/p>\n","protected":false},"excerpt":{"rendered":"<ul>\n<li>Facture d&rsquo;entretien<\/li>\n<li>Si\u00e8ges chauffants<\/li>\n<li>Volant AMG cuir Nappa<\/li>\n<li>Echappement performance<\/li>\n<li>Line Assist<\/li>\n<li>Automatic High Beam switch (IHC)<\/li>\n<li>Pack m\u00e9moire (Si\u00e8ge, Colone direction, Miroir)<\/li>\n<li>Toit panoramique en verre<\/li>\n<li>Keyless-Go<\/li>\n<li>Diamond White &#8211; Metallic Paint<\/li>\n<li>Dark tinted glass<\/li>\n<li>Etriers de freins Gris<\/li>\n<li>Jantes AMG 19&Prime;\/20&Prime;<\/li>\n<li>R\u00e9troviseurs int\u00e9rieur et ext\u00e9rieurs anti-\u00e9blouissement<\/li>\n<li>Syst\u00e8me audio Burmester<\/li>\n<li>AMG Night Package Exterior<\/li>\n<li>Cam\u00e9ra de recul<\/li>\n<li>Parktronic System (PTS)<\/li>\n<li>Garage Door opener (Homelink)<\/li>\n<li>Assistant angle mort<\/li>\n<li>Presafe<\/li>\n<li>Reconnaissance des panneaux de signalisation<\/li>\n<\/ul>\n","protected":false},"featured_media":14080,"comment_status":"open","ping_status":"closed","template":"","meta":[],"product_cat":[19],"product_tag":[],"class_list":["post-14078","product","type-product","status-publish","has-post-thumbnail","hentry","product_cat-mercedes","entry","has-media"],"_links":{"self":[{"href":"https:\/\/newmoteuretsens.e-madgin.com\/index.php\/wp-json\/wp\/v2\/product\/14078","targetHints":{"allow":["GET"]}}],"collection":[{"href":"https:\/\/newmoteuretsens.e-madgin.com\/index.php\/wp-json\/wp\/v2\/product"}],"about":[{"href":"https:\/\/newmoteuretsens.e-madgin.com\/index.php\/wp-json\/wp\/v2\/types\/product"}],"replies":[{"embeddable":true,"href":"https:\/\/newmoteuretsens.e-madgin.com\/index.php\/wp-json\/wp\/v2\/comments?post=14078"}],"wp:featuredmedia":[{"embeddable":true,"href":"https:\/\/newmoteuretsens.e-madgin.com\/index.php\/wp-json\/wp\/v2\/media\/14080"}],"wp:attachment":[{"href":"https:\/\/newmoteuretsens.e-madgin.com\/index.php\/wp-json\/wp\/v2\/media?parent=14078"}],"wp:term":[{"taxonomy":"product_cat","embeddable":true,"href":"https:\/\/newmoteuretsens.e-madgin.com\/index.php\/wp-json\/wp\/v2\/product_cat?post=14078"},{"taxonomy":"product_tag","embeddable":true,"href":"https:\/\/newmoteuretsens.e-madgin.com\/index.php\/wp-json\/wp\/v2\/product_tag?post=14078"}],"curies":[{"name":"wp","href":"https:\/\/api.w.org\/{rel}","templated":true}]}}