{"id":13936,"date":"2021-12-09T18:17:47","date_gmt":"2021-12-09T17:17:47","guid":{"rendered":"https:\/\/newmoteuretsens.e-madgin.com\/?post_type=product&#038;p=13936"},"modified":"2022-01-12T15:12:24","modified_gmt":"2022-01-12T14:12:24","slug":"porsche-911-type-992-carrera-4s","status":"publish","type":"product","link":"https:\/\/newmoteuretsens.e-madgin.com\/index.php\/produit\/porsche-911-type-992-carrera-4s\/","title":{"rendered":"PORSCHE 911 TYPE 992 CARRERA 4S"},"content":{"rendered":"<p>Chaque sortie d&rsquo;une nouvelle version de la Porsche 911 est un \u00e9v\u00e8nement, le cru 992 n&rsquo;a pas d\u00e9rog\u00e9 \u00e0 la r\u00e8gle, celui-ci \u00e9tant une notable \u00e9volution de la 991. Un design intemporel, interpr\u00e9t\u00e9 de fa\u00e7on contemporaine, la silhouette incomparable de la 911 n\u2019a pratiquement pas chang\u00e9 bien que cette g\u00e9n\u00e9ration adopte quand m\u00eame quelques particularit\u00e9s: le capot creus\u00e9 en hommage aux 911 des ann\u00e9es 70, les poign\u00e9es de portes sont escamotables ce qui purifie encore plus la ligne et permet un gain a\u00e9rodynamique, \u00e0 l\u2019arri\u00e8re un bandeau noire int\u00e8gre les \u00e9chappements et la plaque d\u2019immatriculation, la grille moteur int\u00e8gre les feux stop et est chrom\u00e9e en partie sup\u00e9rieure (cela permet d\u2019ailleurs de la reconnaitre d\u2019une simple Carrera S qui est enti\u00e8rement noire). A l&rsquo;int\u00e9rieur on retrouve \u00e9pur\u00e9 o\u00f9 tout tombe sur la main et le choix des mat\u00e9riaux est une v\u00e9ritable d\u00e9monstration de force. Le flat-six de 3.0L \u00e0 double turbocompresseur de la Carrera 4S d\u00e9veloppe 450ch et 530Nm de couple. Plein partout, ce moteur prend 7 500 tr\/min avec plaisir et le temps de r\u00e9ponse des turbos tend vers z\u00e9ro.<\/p>\n<p>Notre exemplaire est une premi\u00e8re main quasi neuve (3400km) mais disponible imm\u00e9diatement et garantie constructeur jusqu&rsquo;en Janvier 2024 ! Son \u00e9quipement est pl\u00e9thorique (Environ 55 000\u20ac d&rsquo;options) et la configuration full black est du plus bel effet !<\/p>\n","protected":false},"excerpt":{"rendered":"<ul>\n<li>2T Jet Black Metallic<\/li>\n<li>AU Int\u00e9rieur tout cuir Noir<\/li>\n<li>3FE Toit coulissant \/ Relevable \u00e9lectrique en verre<\/li>\n<li>2D4 Bouclier avant SportDesign<\/li>\n<li>ASV Film de protection \u00e0 l&rsquo;avant<\/li>\n<li>VR4 Jupes lat\u00e9rales SportDesign<\/li>\n<li>6XV R\u00e9troviseurs ext\u00e9rieurs rabattables \u00e9lectriquement incl. \u00e9clairage de courtoisie<\/li>\n<li>6FU R\u00e9troviseurs ext\u00e9rieurs en couleur ext\u00e9rieure<\/li>\n<li>QJ4 Encadrement des vitres lat\u00e9rales en Noir, finition brillante<\/li>\n<li>UD1 Eclairage de courtoisie LED avec logo Porsche<\/li>\n<li>KQ2 Logo Porsche en Noir, finition brillante<\/li>\n<li>ABV D\u00e9signation du mod\u00e8le en Noir, finition brillante<\/li>\n<li>G1G Boite PDK 8 rapports<\/li>\n<li>0N5 Essieu arri\u00e8re directionnel<\/li>\n<li>0P9 Syst\u00e8me d&rsquo;\u00e9chappement sport avec sorties d&rsquo;\u00e9chappement sport en Noir<\/li>\n<li>8LH Pack Sport Chrono incl. s\u00e9lecteur de mode et Porsche Track Precision App<\/li>\n<li>1N3 Power Steering Plus<\/li>\n<li>2UH Syst\u00e8me de levage hydraulique de l&rsquo;essieu avant<\/li>\n<li>46I Jantes 20&Prime;\/21&Prime; Carrera S<\/li>\n<li>1NX Jantes peintes en Noir, finition satin\u00e9e<\/li>\n<li>8JU Phares LED \u00e0 technologie Matrix incl. PDLS+ en Noir<\/li>\n<li>P14 R\u00e9troviseurs int\u00e9rieur et ext\u00e9rieurs anti-\u00e9blouissement avec capteur de pluie<\/li>\n<li>4KF Vitrage teint\u00e9 &lsquo;Privacy&rsquo;<\/li>\n<li>KA6 Surround View<\/li>\n<li>P60 Lane Keep Assist incl. indicateur de limitation de vitesse<\/li>\n<li>8T3 R\u00e9gulateur de vitesse adaptatif<\/li>\n<li>7Y1 Lane Change Assist<\/li>\n<li>VC2 Homelink<\/li>\n<li>4F2 Porsche Entry<\/li>\n<li>2V4 Ioniseur<\/li>\n<li>Q1J Si\u00e8ges Sport Plus adaptatifs 18 positions incl. Pack m\u00e9moire confort<\/li>\n<li>4A3 Si\u00e8ges avant chauffants<\/li>\n<li>4D3 Ventilation des si\u00e8ges \u00e0 l&rsquo;avant<\/li>\n<li>QE1 Pack de rangement<\/li>\n<li>FI6 Ceintures de s\u00e9curit\u00e9 en Rouge Bordeaux<\/li>\n<li>3J7 Embl\u00e8me Porsche sur les appuis-t\u00eate<\/li>\n<li>ATG Seuils de porte int\u00e9rieurs en cuir<\/li>\n<li>6NN Ciel de toit en alcantara<\/li>\n<li>5XK Pare-Soleil en Alcantara<\/li>\n<li>2ZF Volant sport GT chauffant en Alcantara<\/li>\n<li>5MH Pack int\u00e9rieur en carbone mat<\/li>\n<li>7M8 Seuils de porte en carbone, illumin\u00e9s<\/li>\n<li>9VL Bose Surround Sound System<\/li>\n<li>QV3 Radio digitale<\/li>\n<\/ul>\n","protected":false},"featured_media":13937,"comment_status":"open","ping_status":"closed","template":"","meta":[],"product_cat":[21],"product_tag":[],"class_list":["post-13936","product","type-product","status-publish","has-post-thumbnail","hentry","product_cat-porsche","entry","has-media"],"_links":{"self":[{"href":"https:\/\/newmoteuretsens.e-madgin.com\/index.php\/wp-json\/wp\/v2\/product\/13936","targetHints":{"allow":["GET"]}}],"collection":[{"href":"https:\/\/newmoteuretsens.e-madgin.com\/index.php\/wp-json\/wp\/v2\/product"}],"about":[{"href":"https:\/\/newmoteuretsens.e-madgin.com\/index.php\/wp-json\/wp\/v2\/types\/product"}],"replies":[{"embeddable":true,"href":"https:\/\/newmoteuretsens.e-madgin.com\/index.php\/wp-json\/wp\/v2\/comments?post=13936"}],"wp:featuredmedia":[{"embeddable":true,"href":"https:\/\/newmoteuretsens.e-madgin.com\/index.php\/wp-json\/wp\/v2\/media\/13937"}],"wp:attachment":[{"href":"https:\/\/newmoteuretsens.e-madgin.com\/index.php\/wp-json\/wp\/v2\/media?parent=13936"}],"wp:term":[{"taxonomy":"product_cat","embeddable":true,"href":"https:\/\/newmoteuretsens.e-madgin.com\/index.php\/wp-json\/wp\/v2\/product_cat?post=13936"},{"taxonomy":"product_tag","embeddable":true,"href":"https:\/\/newmoteuretsens.e-madgin.com\/index.php\/wp-json\/wp\/v2\/product_tag?post=13936"}],"curies":[{"name":"wp","href":"https:\/\/api.w.org\/{rel}","templated":true}]}}