{"id":13772,"date":"2021-12-08T14:53:33","date_gmt":"2021-12-08T13:53:33","guid":{"rendered":"https:\/\/newmoteuretsens.e-madgin.com\/?post_type=product&#038;p=13772"},"modified":"2021-12-28T16:05:18","modified_gmt":"2021-12-28T15:05:18","slug":"jaguar-f-type-p380-v6","status":"publish","type":"product","link":"https:\/\/newmoteuretsens.e-madgin.com\/index.php\/produit\/jaguar-f-type-p380-v6\/","title":{"rendered":"JAGUAR F-TYPE P380 V6"},"content":{"rendered":"<p>Sur cette version de la belle et \u00e9l\u00e9gante coup\u00e9 anglaise, les lignes sont plus agressive qu&rsquo;avant et son style toujours aussi exclusif . D\u00e9sormais, avec cette nouvelle version de la P380, La F-type se voit recevoir le pack R Line, sans avoir n\u00e9cessairement le moteur V8 comme c&rsquo;\u00e9tait le cas avant. Tr\u00e8s bonne chose car le V6 est plus l\u00e9ger et conf\u00e8re un meilleur dynamisme ainsi qu&rsquo;une plus grande pr\u00e9cision dans le train avant. D&rsquo;autant que la puissance du V6 suraliment\u00e9 reste rageur, le tout sublim\u00e9 par des envol\u00e9es lyriques d\u00e9moniaque.<\/p>\n<p>Notre exemplaire pr\u00e9sente une configuration \u00e9l\u00e9gante et est en parfait \u00e9tat, la TVA est r\u00e9cup\u00e9rable.<\/p>\n","protected":false},"excerpt":{"rendered":"<ul>\n<li>Cam\u00e9ra de recul<\/li>\n<li>Si\u00e8ges chauffants<\/li>\n<li>Pack Design Ext\u00e9rieur<\/li>\n<li>Carpathian Grey M\u00e9tallis\u00e9<\/li>\n<li>Configurable Dynamique<\/li>\n<li>Pack int\u00e9rieur cuir premium<\/li>\n<li>Commande \u00e9lectrique du coffre<\/li>\n<li>Si\u00e8ges performance en cuir Premium<\/li>\n<li>Assistant de feux de route automatique (AHBA)<\/li>\n<\/ul>\n","protected":false},"featured_media":13773,"comment_status":"open","ping_status":"closed","template":"","meta":[],"product_cat":[33],"product_tag":[],"class_list":["post-13772","product","type-product","status-publish","has-post-thumbnail","hentry","product_cat-jaguar","entry","has-media"],"_links":{"self":[{"href":"https:\/\/newmoteuretsens.e-madgin.com\/index.php\/wp-json\/wp\/v2\/product\/13772","targetHints":{"allow":["GET"]}}],"collection":[{"href":"https:\/\/newmoteuretsens.e-madgin.com\/index.php\/wp-json\/wp\/v2\/product"}],"about":[{"href":"https:\/\/newmoteuretsens.e-madgin.com\/index.php\/wp-json\/wp\/v2\/types\/product"}],"replies":[{"embeddable":true,"href":"https:\/\/newmoteuretsens.e-madgin.com\/index.php\/wp-json\/wp\/v2\/comments?post=13772"}],"wp:featuredmedia":[{"embeddable":true,"href":"https:\/\/newmoteuretsens.e-madgin.com\/index.php\/wp-json\/wp\/v2\/media\/13773"}],"wp:attachment":[{"href":"https:\/\/newmoteuretsens.e-madgin.com\/index.php\/wp-json\/wp\/v2\/media?parent=13772"}],"wp:term":[{"taxonomy":"product_cat","embeddable":true,"href":"https:\/\/newmoteuretsens.e-madgin.com\/index.php\/wp-json\/wp\/v2\/product_cat?post=13772"},{"taxonomy":"product_tag","embeddable":true,"href":"https:\/\/newmoteuretsens.e-madgin.com\/index.php\/wp-json\/wp\/v2\/product_tag?post=13772"}],"curies":[{"name":"wp","href":"https:\/\/api.w.org\/{rel}","templated":true}]}}