{"id":13204,"date":"2021-12-04T14:17:46","date_gmt":"2021-12-04T13:17:46","guid":{"rendered":"https:\/\/newmoteuretsens.e-madgin.com\/?post_type=product&#038;p=13204"},"modified":"2021-12-28T16:05:30","modified_gmt":"2021-12-28T15:05:30","slug":"mercedes-glc-coupe-63-amg-s","status":"publish","type":"product","link":"https:\/\/newmoteuretsens.e-madgin.com\/index.php\/produit\/mercedes-glc-coupe-63-amg-s\/","title":{"rendered":"MERCEDES GLC COUPE 63 AMG S"},"content":{"rendered":"<p>Bien que sa vocation soit orient\u00e9e sur la sportivit\u00e9, le Mercedes-AMG GLC 63 n&rsquo;en est pas moins un v\u00e9hicule familial. Accueillant et confortable gr\u00e2ce notamment \u00e0 sa suspension pneumatique \u00e0 amortissement variable, ce SUV ultra sportif longtemps d\u00e9tenteur d&rsquo;un temps record au Nurburgring re\u00e7oit n\u00e9anmoins un look relativement sobre. Le moteur V8 bi-turbo de 4.0 litres est pouss\u00e9 dans cette version \u00e0 510Ch et 700nm de couple. Notre exemplaire en question est une version coup\u00e9 en parfait \u00e9tat et \u00e0 jour de r\u00e9vision chez Mercedes.<\/p>\n","protected":false},"excerpt":{"rendered":"<p>Bien que sa vocation soit orient\u00e9e sur la sportivit\u00e9, le Mercedes-AMG GLC 63 n&rsquo;en est pas moins un v\u00e9hicule familial. Accueillant et confortable gr\u00e2ce notamment \u00e0 sa suspension pneumatique \u00e0 amortissement variable, ce SUV ultra sportif longtemps d\u00e9tenteur d&rsquo;un temps record au Nurburgring re\u00e7oit n\u00e9anmoins un look relativement sobre. Le moteur V8 bi-turbo de 4.0 [&hellip;]<\/p>\n","protected":false},"featured_media":13205,"comment_status":"open","ping_status":"closed","template":"","meta":[],"product_cat":[19],"product_tag":[],"class_list":["post-13204","product","type-product","status-publish","has-post-thumbnail","hentry","product_cat-mercedes","entry","has-media"],"_links":{"self":[{"href":"https:\/\/newmoteuretsens.e-madgin.com\/index.php\/wp-json\/wp\/v2\/product\/13204","targetHints":{"allow":["GET"]}}],"collection":[{"href":"https:\/\/newmoteuretsens.e-madgin.com\/index.php\/wp-json\/wp\/v2\/product"}],"about":[{"href":"https:\/\/newmoteuretsens.e-madgin.com\/index.php\/wp-json\/wp\/v2\/types\/product"}],"replies":[{"embeddable":true,"href":"https:\/\/newmoteuretsens.e-madgin.com\/index.php\/wp-json\/wp\/v2\/comments?post=13204"}],"wp:featuredmedia":[{"embeddable":true,"href":"https:\/\/newmoteuretsens.e-madgin.com\/index.php\/wp-json\/wp\/v2\/media\/13205"}],"wp:attachment":[{"href":"https:\/\/newmoteuretsens.e-madgin.com\/index.php\/wp-json\/wp\/v2\/media?parent=13204"}],"wp:term":[{"taxonomy":"product_cat","embeddable":true,"href":"https:\/\/newmoteuretsens.e-madgin.com\/index.php\/wp-json\/wp\/v2\/product_cat?post=13204"},{"taxonomy":"product_tag","embeddable":true,"href":"https:\/\/newmoteuretsens.e-madgin.com\/index.php\/wp-json\/wp\/v2\/product_tag?post=13204"}],"curies":[{"name":"wp","href":"https:\/\/api.w.org\/{rel}","templated":true}]}}