{"id":12951,"date":"2021-11-29T15:17:08","date_gmt":"2021-11-29T14:17:08","guid":{"rendered":"https:\/\/newmoteuretsens.e-madgin.com\/?post_type=product&#038;p=12951"},"modified":"2021-11-29T15:17:09","modified_gmt":"2021-11-29T14:17:09","slug":"ferrari-575-m-maranello","status":"publish","type":"product","link":"https:\/\/newmoteuretsens.e-madgin.com\/index.php\/produit\/ferrari-575-m-maranello\/","title":{"rendered":"FERRARI &#8211; 575 M Maranello"},"content":{"rendered":"<p>La Ferrari 575 M s&rsquo;inscrit dans la longue tradition des Ferrari \u00e0 V12 avant. Ligne tendue et muscl\u00e9e, capot interminable abritant en son sein ce qui \u00e0 fait une belle partie des lettres d&rsquo;or des autos de Maranello. Des autos de grande classe, capable d&rsquo;aligner les kilom\u00e8tres, \u00e0 des vitesses (bien) au dessus de la moyenne. Cette version am\u00e9lior\u00e9e de la 550, propose une lecture plus simple de la route, un temp\u00e9rament plus facile \u00e0 appr\u00e9hender, et la bo\u00eete robotis\u00e9e est enfin disponible sur une GT. Cet exemplaire Rosso corsa int\u00e9rieur noir est hors nomes de par son faible kilom\u00e9trage et son incroyable configuration (Baquets, Harnais, Surpiq\u00fbres, ligne tubi etc..) Cette auto est Fran\u00e7aise, \u00e9quip\u00e9e du pack HGTC, une r\u00e9vision sera effectu\u00e9e pour la vente, l&rsquo;usure d&#8217;embrayage est inf\u00e9rieure \u00e0 25 %. C&rsquo;est l&rsquo;exemplaire \u00e0 avoir.<\/p>\n","protected":false},"excerpt":{"rendered":"<ul>\n<li>Carnet d&rsquo;entretien<\/li>\n<li>Pochette compl\u00e8te<\/li>\n<li>Ecussons Scuderia sur ailes avant<\/li>\n<li>\u00c9chappement sport<\/li>\n<li>Surpiq\u00fbres rouge<\/li>\n<li>\u00c9triers de freins rouge<\/li>\n<li>Extincteur<\/li>\n<li>Climatisation<\/li>\n<li>Int\u00e9rieur cuir<\/li>\n<li>Vitres \u00e9lectriques<\/li>\n<li>Si\u00e8ges baquets carbone<\/li>\n<li>Jantes optionnelles 19 pouces<\/li>\n<\/ul>\n","protected":false},"featured_media":12952,"comment_status":"open","ping_status":"closed","template":"","meta":[],"product_cat":[23],"product_tag":[],"class_list":["post-12951","product","type-product","status-publish","has-post-thumbnail","hentry","product_cat-ferrari","entry","has-media"],"_links":{"self":[{"href":"https:\/\/newmoteuretsens.e-madgin.com\/index.php\/wp-json\/wp\/v2\/product\/12951","targetHints":{"allow":["GET"]}}],"collection":[{"href":"https:\/\/newmoteuretsens.e-madgin.com\/index.php\/wp-json\/wp\/v2\/product"}],"about":[{"href":"https:\/\/newmoteuretsens.e-madgin.com\/index.php\/wp-json\/wp\/v2\/types\/product"}],"replies":[{"embeddable":true,"href":"https:\/\/newmoteuretsens.e-madgin.com\/index.php\/wp-json\/wp\/v2\/comments?post=12951"}],"wp:featuredmedia":[{"embeddable":true,"href":"https:\/\/newmoteuretsens.e-madgin.com\/index.php\/wp-json\/wp\/v2\/media\/12952"}],"wp:attachment":[{"href":"https:\/\/newmoteuretsens.e-madgin.com\/index.php\/wp-json\/wp\/v2\/media?parent=12951"}],"wp:term":[{"taxonomy":"product_cat","embeddable":true,"href":"https:\/\/newmoteuretsens.e-madgin.com\/index.php\/wp-json\/wp\/v2\/product_cat?post=12951"},{"taxonomy":"product_tag","embeddable":true,"href":"https:\/\/newmoteuretsens.e-madgin.com\/index.php\/wp-json\/wp\/v2\/product_tag?post=12951"}],"curies":[{"name":"wp","href":"https:\/\/api.w.org\/{rel}","templated":true}]}}