{"id":1232,"date":"2021-09-15T16:17:59","date_gmt":"2021-09-15T14:17:59","guid":{"rendered":"https:\/\/newmoteuretsens.e-madgin.com\/?post_type=product&#038;p=1232"},"modified":"2021-10-28T12:46:04","modified_gmt":"2021-10-28T10:46:04","slug":"1232","status":"publish","type":"product","link":"https:\/\/newmoteuretsens.e-madgin.com\/index.php\/produit\/1232\/","title":{"rendered":"BENTLEY &#8211; Flying Spur W12 First Edition"},"content":{"rendered":"<p>Summum du luxe et du confort \u00e0 bord, la Bentley Flying Spur est impressionnante de par son gabarit imposant, son espace une fois \u00e0 bord mais \u00e9galement ses performances et le plaisir de conduite qu&rsquo;elle procure. Tr\u00e8s sobrement nomm\u00e9e First Edition, cette \u00e9dition de la Flying spur a \u00e9t\u00e9 fabriqu\u00e9e seulement 12 mois \u00e0 partir de fin 2019. Elle est livr\u00e9e avec un badge \u00ab First Edition \u00bb compos\u00e9 du drapeau de l&rsquo;Union Jack avec le num\u00e9ro 1 au centre. Le badge se retrouve \u00e9galement sur le tableau de bord c\u00f4t\u00e9 passager et le logo ail\u00e9 Bentley First Edition est brod\u00e9 sur les appui-t\u00eates. En passant, la Flying Spur First Edition comprend certains \u00e9quipements de s\u00e9rie luxueux pour ses int\u00e9rieurs et ext\u00e9rieurs, alors qu&rsquo;ils sont optionnels sur le mod\u00e8le \u00ab\u00a0classique\u00a0\u00bb, entre autres: l&rsquo;ornement Flying B \u00e9lectrique sur le capot avec des ailes \u00e9clair\u00e9es, du spectaculaire \u00e9cran rotatif Bentley et de la sp\u00e9cification Touring. Notre exemplaire en particulier est une premi\u00e8re main fran\u00e7aise en \u00e9tat neuf dont une r\u00e9vision vient d&rsquo;\u00eatre effectu\u00e9e en 03\/2021 \u00e0 1500km.<\/p>\n","protected":false},"excerpt":{"rendered":"<p>Summum du luxe et du confort \u00e0 bord, la Bentley Flying Spur est impressionnante de par son gabarit imposant, son espace une fois \u00e0 bord mais \u00e9galement ses performances et le plaisir de conduite qu&rsquo;elle procure. Tr\u00e8s sobrement nomm\u00e9e First Edition, cette \u00e9dition de la Flying spur a \u00e9t\u00e9 fabriqu\u00e9e seulement 12 mois \u00e0 partir [&hellip;]<\/p>\n","protected":false},"featured_media":1233,"comment_status":"open","ping_status":"closed","template":"","meta":[],"product_cat":[31],"product_tag":[],"class_list":["post-1232","product","type-product","status-publish","has-post-thumbnail","hentry","product_cat-bentley","entry","has-media"],"_links":{"self":[{"href":"https:\/\/newmoteuretsens.e-madgin.com\/index.php\/wp-json\/wp\/v2\/product\/1232","targetHints":{"allow":["GET"]}}],"collection":[{"href":"https:\/\/newmoteuretsens.e-madgin.com\/index.php\/wp-json\/wp\/v2\/product"}],"about":[{"href":"https:\/\/newmoteuretsens.e-madgin.com\/index.php\/wp-json\/wp\/v2\/types\/product"}],"replies":[{"embeddable":true,"href":"https:\/\/newmoteuretsens.e-madgin.com\/index.php\/wp-json\/wp\/v2\/comments?post=1232"}],"wp:featuredmedia":[{"embeddable":true,"href":"https:\/\/newmoteuretsens.e-madgin.com\/index.php\/wp-json\/wp\/v2\/media\/1233"}],"wp:attachment":[{"href":"https:\/\/newmoteuretsens.e-madgin.com\/index.php\/wp-json\/wp\/v2\/media?parent=1232"}],"wp:term":[{"taxonomy":"product_cat","embeddable":true,"href":"https:\/\/newmoteuretsens.e-madgin.com\/index.php\/wp-json\/wp\/v2\/product_cat?post=1232"},{"taxonomy":"product_tag","embeddable":true,"href":"https:\/\/newmoteuretsens.e-madgin.com\/index.php\/wp-json\/wp\/v2\/product_tag?post=1232"}],"curies":[{"name":"wp","href":"https:\/\/api.w.org\/{rel}","templated":true}]}}