{"id":12079,"date":"2021-11-19T17:59:02","date_gmt":"2021-11-19T16:59:02","guid":{"rendered":"https:\/\/newmoteuretsens.e-madgin.com\/?post_type=product&#038;p=12079"},"modified":"2022-01-05T11:35:11","modified_gmt":"2022-01-05T10:35:11","slug":"aston-martin-vanquish-20-460ch","status":"publish","type":"product","link":"https:\/\/newmoteuretsens.e-madgin.com\/index.php\/produit\/aston-martin-vanquish-20-460ch\/","title":{"rendered":"ASTON MARTIN &#8211; Vanquish 2+0 466CH"},"content":{"rendered":"<p>Sortie en 2001, la premi\u00e8re g\u00e9n\u00e9ration de Vanquish n&rsquo;a \u00e9t\u00e9 produite qu&rsquo;\u00e0 seulement 2 578 exemplaires. Elle marque un tournant pour la firme anglaise car elle est la premi\u00e8re \u00e0 proposer une bo\u00eete de vitesse s\u00e9quentielle. Cette auto h\u00e9rite du somptueux moteur V12 5.9L qu&rsquo;on ne pr\u00e9sente plus aujourd&rsquo;hui tellement il a brill\u00e9 dans les diff\u00e9rente plateformes (Vantage, Vanquish, DBS). Ce dernier permet de propulser l\u2019auto \u00e0 306 km\/h, et de franchir la barre des 100 km\/h en 5 secondes. V\u00e9ritable mythe dans l\u2019histoire d\u2019Aston Martin, cette auto devient peu \u00e0 peu un collector. Comment ne pas \u00e9voquer \u00e9galement sa place dans la saga des James Bond o\u00f9 elle assumera le lourd h\u00e9ritage et la DB5 dans meurs un autre jour. Le mod\u00e8le que nous vous proposons est d&rsquo;origine USA (Livr\u00e9e neuve chez Aston Martin Dallas) puis a \u00e9t\u00e9 import\u00e9e en France en 2009 \u00e0 16 000km. L&rsquo;auto a toujours \u00e9t\u00e9 entretenue chez Aston Martin et une r\u00e9vision y sera faite pour la vente.<\/p>\n","protected":false},"excerpt":{"rendered":"<ul>\n<li>Ciel de toit alcantara<\/li>\n<li>Carnet d&rsquo;entretien<\/li>\n<li>Facture d&rsquo;entretien<\/li>\n<li>Pochette compl\u00e8te<\/li>\n<li>Si\u00e8ges chauffants<\/li>\n<li>Si\u00e8ges \u00e9lectriques<\/li>\n<li>Autoradio CD<\/li>\n<li>Climatisation automatique<\/li>\n<\/ul>\n","protected":false},"featured_media":12080,"comment_status":"open","ping_status":"closed","template":"","meta":[],"product_cat":[25],"product_tag":[],"class_list":["post-12079","product","type-product","status-publish","has-post-thumbnail","hentry","product_cat-aston-martin","entry","has-media"],"_links":{"self":[{"href":"https:\/\/newmoteuretsens.e-madgin.com\/index.php\/wp-json\/wp\/v2\/product\/12079","targetHints":{"allow":["GET"]}}],"collection":[{"href":"https:\/\/newmoteuretsens.e-madgin.com\/index.php\/wp-json\/wp\/v2\/product"}],"about":[{"href":"https:\/\/newmoteuretsens.e-madgin.com\/index.php\/wp-json\/wp\/v2\/types\/product"}],"replies":[{"embeddable":true,"href":"https:\/\/newmoteuretsens.e-madgin.com\/index.php\/wp-json\/wp\/v2\/comments?post=12079"}],"wp:featuredmedia":[{"embeddable":true,"href":"https:\/\/newmoteuretsens.e-madgin.com\/index.php\/wp-json\/wp\/v2\/media\/12080"}],"wp:attachment":[{"href":"https:\/\/newmoteuretsens.e-madgin.com\/index.php\/wp-json\/wp\/v2\/media?parent=12079"}],"wp:term":[{"taxonomy":"product_cat","embeddable":true,"href":"https:\/\/newmoteuretsens.e-madgin.com\/index.php\/wp-json\/wp\/v2\/product_cat?post=12079"},{"taxonomy":"product_tag","embeddable":true,"href":"https:\/\/newmoteuretsens.e-madgin.com\/index.php\/wp-json\/wp\/v2\/product_tag?post=12079"}],"curies":[{"name":"wp","href":"https:\/\/api.w.org\/{rel}","templated":true}]}}