{"id":1182,"date":"2021-09-14T20:08:15","date_gmt":"2021-09-14T18:08:15","guid":{"rendered":"https:\/\/newmoteuretsens.e-madgin.com\/?post_type=product&#038;p=1182"},"modified":"2022-02-15T15:51:20","modified_gmt":"2022-02-15T14:51:20","slug":"aston-martin-gt8-vantage-bvm","status":"publish","type":"product","link":"https:\/\/newmoteuretsens.e-madgin.com\/index.php\/produit\/aston-martin-gt8-vantage-bvm\/","title":{"rendered":"ASTON MARTIN &#8211; GT8 Vantage BVM"},"content":{"rendered":"<p>Limit\u00e9e \u00e0 seulement 150 exemplaires dans la monde, l&rsquo;Aston Martin GT8 est l&rsquo;ultime expression de la Vantage dans sa version 8 cylindres et traduit de tout le savoir faire d&rsquo;Aston Martin en comp\u00e9tition. Le moteur est pouss\u00e9 \u00e0 l&rsquo;extr\u00eame (446ch soit 10ch de plus que la version S). son poids est r\u00e9duit de 100kg gr\u00e2ce notamment \u00e0 l&#8217;emploi massif de la fibre de carbone (carrosserie, toit, contres portes etc..). L&rsquo;a\u00e9ro quant \u00e0 lui est directement inspir\u00e9 de la Vantage GT3 engag\u00e9e en endurance, en t\u00e9moigne son aileron pro\u00e9minent, sa lame avant et son diffuseur en carbone. L&rsquo;exp\u00e9rience de conduite au volant de cet ovni Anglais homologu\u00e9 pour route est \u00e0 l&rsquo;image de son look, tout simplement extravagante, unique et sonore, tr\u00e8s sonore ! Notre exemplaire en particulier est une premi\u00e8re main dans un \u00e9tat neuf avec TVA r\u00e9cup\u00e9rable !<\/p>\n","protected":false},"excerpt":{"rendered":"<p>Limit\u00e9e \u00e0 seulement 150 exemplaires dans la monde, l&rsquo;Aston Martin GT8 est l&rsquo;ultime expression de la Vantage dans sa version 8 cylindres et traduit de tout le savoir faire d&rsquo;Aston Martin en comp\u00e9tition. Le moteur est pouss\u00e9 \u00e0 l&rsquo;extr\u00eame (446ch soit 10ch de plus que la version S). son poids est r\u00e9duit de 100kg gr\u00e2ce [&hellip;]<\/p>\n","protected":false},"featured_media":1183,"comment_status":"open","ping_status":"closed","template":"","meta":[],"product_cat":[25],"product_tag":[],"class_list":["post-1182","product","type-product","status-publish","has-post-thumbnail","hentry","product_cat-aston-martin","entry","has-media"],"_links":{"self":[{"href":"https:\/\/newmoteuretsens.e-madgin.com\/index.php\/wp-json\/wp\/v2\/product\/1182","targetHints":{"allow":["GET"]}}],"collection":[{"href":"https:\/\/newmoteuretsens.e-madgin.com\/index.php\/wp-json\/wp\/v2\/product"}],"about":[{"href":"https:\/\/newmoteuretsens.e-madgin.com\/index.php\/wp-json\/wp\/v2\/types\/product"}],"replies":[{"embeddable":true,"href":"https:\/\/newmoteuretsens.e-madgin.com\/index.php\/wp-json\/wp\/v2\/comments?post=1182"}],"wp:featuredmedia":[{"embeddable":true,"href":"https:\/\/newmoteuretsens.e-madgin.com\/index.php\/wp-json\/wp\/v2\/media\/1183"}],"wp:attachment":[{"href":"https:\/\/newmoteuretsens.e-madgin.com\/index.php\/wp-json\/wp\/v2\/media?parent=1182"}],"wp:term":[{"taxonomy":"product_cat","embeddable":true,"href":"https:\/\/newmoteuretsens.e-madgin.com\/index.php\/wp-json\/wp\/v2\/product_cat?post=1182"},{"taxonomy":"product_tag","embeddable":true,"href":"https:\/\/newmoteuretsens.e-madgin.com\/index.php\/wp-json\/wp\/v2\/product_tag?post=1182"}],"curies":[{"name":"wp","href":"https:\/\/api.w.org\/{rel}","templated":true}]}}